CRAN Package Check Results for Package Luminescence

Last updated on 2021-12-05 08:51:02 CET.

Flavor Version Tinstall Tcheck Ttotal Status Flags
r-devel-linux-x86_64-debian-clang 0.9.16 120.33 511.41 631.74 OK
r-devel-linux-x86_64-debian-gcc 0.9.16 93.54 376.81 470.35 OK
r-devel-linux-x86_64-fedora-clang 0.9.16 798.08 NOTE
r-devel-linux-x86_64-fedora-gcc 0.9.16 806.67 OK
r-devel-windows-x86_64-new-UL 0.9.16 196.00 615.00 811.00 NOTE
r-devel-windows-x86_64-new-TK 0.9.16 OK
r-devel-windows-x86_64-old 0.9.16 179.00 443.00 622.00 NOTE
r-patched-linux-x86_64 0.9.16 125.18 482.87 608.05 OK
r-release-linux-x86_64 0.9.16 117.24 492.34 609.58 OK
r-release-macos-arm64 0.9.16 NOTE
r-release-macos-x86_64 0.9.16 NOTE
r-release-windows-ix86+x86_64 0.9.16 267.00 791.00 1058.00 NOTE
r-oldrel-macos-x86_64 0.9.16 NOTE
r-oldrel-windows-ix86+x86_64 0.9.16 276.00 812.00 1088.00 NOTE

Check Details

Version: 0.9.16
Check: installed package size
Result: NOTE
     installed size is 6.1Mb
     sub-directories of 1Mb or more:
     R 1.8Mb
     help 1.2Mb
     libs 1.9Mb
Flavors: r-devel-linux-x86_64-fedora-clang, r-devel-windows-x86_64-new-UL, r-devel-windows-x86_64-old, r-release-macos-arm64, r-release-macos-x86_64, r-release-windows-ix86+x86_64, r-oldrel-macos-x86_64, r-oldrel-windows-ix86+x86_64