CRAN Package Check Results for Package Luminescence

Last updated on 2022-12-01 00:51:03 CET.

Flavor Version Tinstall Tcheck Ttotal Status Flags
r-devel-linux-x86_64-debian-clang 0.9.20 112.32 350.93 463.25 OK
r-devel-linux-x86_64-debian-gcc 0.9.20 82.55 254.19 336.74 OK
r-devel-linux-x86_64-fedora-clang 0.9.20 592.98 OK
r-devel-linux-x86_64-fedora-gcc 0.9.20 595.37 OK
r-devel-windows-x86_64 0.9.20 294.00 440.00 734.00 OK
r-patched-linux-x86_64 0.9.20 109.71 314.86 424.57 OK
r-release-linux-x86_64 0.9.20 87.26 314.31 401.57 OK
r-release-macos-arm64 0.9.20 119.00 NOTE
r-release-macos-x86_64 0.9.20 170.00 NOTE
r-release-windows-x86_64 0.9.20 260.00 405.00 665.00 OK
r-oldrel-macos-arm64 0.9.20 119.00 NOTE
r-oldrel-macos-x86_64 0.9.20 168.00 NOTE
r-oldrel-windows-ix86+x86_64 0.9.20 212.00 528.00 740.00 NOTE

Check Details

Version: 0.9.20
Check: installed package size
Result: NOTE
     installed size is 6.2Mb
     sub-directories of 1Mb or more:
     R 2.0Mb
     libs 2.0Mb
Flavors: r-release-macos-arm64, r-release-macos-x86_64, r-oldrel-macos-arm64, r-oldrel-macos-x86_64, r-oldrel-windows-ix86+x86_64