CRAN Package Check Results for Package Luminescence

Last updated on 2021-09-17 08:50:23 CEST.

Flavor Version Tinstall Tcheck Ttotal Status Flags
r-devel-linux-x86_64-debian-clang 0.9.15 120.14 374.46 494.60 OK
r-devel-linux-x86_64-debian-gcc 0.9.15 83.71 268.75 352.46 OK
r-devel-linux-x86_64-fedora-clang 0.9.15 609.82 NOTE
r-devel-linux-x86_64-fedora-gcc 0.9.15 603.54 OK
r-devel-windows-x86_64 0.9.15 108.00 388.00 496.00 NOTE
r-devel-windows-x86_64-gcc10-UCRT 0.9.15 OK
r-patched-linux-x86_64 0.9.15 115.46 352.83 468.29 OK
r-patched-solaris-x86 0.9.15 660.40 OK
r-release-linux-x86_64 0.9.15 100.14 350.82 450.96 OK
r-release-macos-arm64 0.9.15 NOTE
r-release-macos-x86_64 0.9.15 NOTE
r-release-windows-ix86+x86_64 0.9.15 235.00 599.00 834.00 NOTE
r-oldrel-macos-x86_64 0.9.15 NOTE
r-oldrel-windows-ix86+x86_64 0.9.15 164.00 457.00 621.00 NOTE

Check Details

Version: 0.9.15
Check: installed package size
Result: NOTE
     installed size is 6.0Mb
     sub-directories of 1Mb or more:
     R 1.7Mb
     help 1.2Mb
     libs 1.9Mb
Flavors: r-devel-linux-x86_64-fedora-clang, r-devel-windows-x86_64, r-release-macos-arm64, r-release-macos-x86_64, r-release-windows-ix86+x86_64, r-oldrel-macos-x86_64, r-oldrel-windows-ix86+x86_64

Version: 0.9.15
Check: package dependencies
Result: NOTE
    Package suggested but not available for checking: ‘rjags’
Flavor: r-release-macos-arm64

Version: 0.9.15
Check: Rd cross-references
Result: NOTE
    Package unavailable to check Rd xrefs: ‘rjags’
Flavor: r-release-macos-arm64