Last updated on 2022-05-24 17:51:30 CEST.
Flavor | Version | Tinstall | Tcheck | Ttotal | Status | Flags |
---|---|---|---|---|---|---|
r-devel-linux-x86_64-debian-clang | 0.9.19 | 100.48 | 335.91 | 436.39 | OK | |
r-devel-linux-x86_64-debian-gcc | 0.9.19 | 78.00 | 242.51 | 320.51 | OK | |
r-devel-linux-x86_64-fedora-clang | 0.9.19 | 572.57 | NOTE | |||
r-devel-linux-x86_64-fedora-gcc | 0.9.19 | 522.00 | OK | |||
r-devel-windows-x86_64 | 0.9.19 | 353.00 | 388.00 | 741.00 | NOTE | |
r-patched-linux-x86_64 | 0.9.19 | 112.76 | 316.48 | 429.24 | OK | |
r-release-linux-x86_64 | 0.9.19 | OK | ||||
r-release-macos-arm64 | 0.9.19 | 119.00 | NOTE | |||
r-release-macos-x86_64 | 0.9.19 | 229.00 | NOTE | |||
r-release-windows-x86_64 | 0.9.19 | 298.00 | 363.00 | 661.00 | NOTE | |
r-oldrel-macos-arm64 | 0.9.19 | 95.00 | NOTE | |||
r-oldrel-macos-x86_64 | 0.9.19 | 162.00 | NOTE | |||
r-oldrel-windows-ix86+x86_64 | 0.9.19 | 208.00 | 527.00 | 735.00 | NOTE |
Version: 0.9.19
Check: installed package size
Result: NOTE
installed size is 5.4Mb
sub-directories of 1Mb or more:
R 1.6Mb
help 1.2Mb
libs 1.4Mb
Flavors: r-devel-linux-x86_64-fedora-clang, r-devel-windows-x86_64, r-release-macos-arm64, r-release-macos-x86_64, r-release-windows-x86_64, r-oldrel-macos-arm64, r-oldrel-macos-x86_64, r-oldrel-windows-ix86+x86_64
Version: 0.9.19
Check: package dependencies
Result: NOTE
Package suggested but not available for checking: ‘rjags’
Flavor: r-release-macos-x86_64
Version: 0.9.19
Check: Rd cross-references
Result: NOTE
Package unavailable to check Rd xrefs: ‘rjags’
Flavor: r-release-macos-x86_64