CRAN Package Check Results for Package MADPop

Last updated on 2020-09-27 20:47:38 CEST.

Flavor Version Tinstall Tcheck Ttotal Status Flags
r-devel-linux-x86_64-debian-clang 1.1.2 109.62 179.03 288.65 NOTE
r-devel-linux-x86_64-debian-gcc 1.1.2 107.22 130.88 238.10 NOTE
r-devel-linux-x86_64-fedora-clang 1.1.2 386.60 NOTE
r-devel-linux-x86_64-fedora-gcc 1.1.2 402.32 NOTE
r-devel-windows-ix86+x86_64 1.1.2 271.00 317.00 588.00 NOTE
r-patched-linux-x86_64 1.1.2 95.90 173.41 269.31 NOTE
r-patched-solaris-x86 1.1.2 453.50 NOTE
r-release-linux-x86_64 1.1.2 122.83 174.06 296.89 NOTE
r-release-macos-x86_64 1.1.2 NOTE
r-release-windows-ix86+x86_64 1.1.2 276.00 313.00 589.00 NOTE
r-oldrel-macos-x86_64 1.1.2 NOTE
r-oldrel-windows-ix86+x86_64 1.1.2 257.00 310.00 567.00 NOTE

Check Details

Version: 1.1.2
Check: for GNU extensions in Makefiles
Result: NOTE
    GNU make is a SystemRequirements.
Flavors: r-devel-linux-x86_64-debian-clang, r-devel-linux-x86_64-debian-gcc, r-devel-linux-x86_64-fedora-clang, r-devel-linux-x86_64-fedora-gcc, r-devel-windows-ix86+x86_64, r-patched-linux-x86_64, r-patched-solaris-x86, r-release-linux-x86_64, r-release-macos-x86_64, r-release-windows-ix86+x86_64, r-oldrel-macos-x86_64, r-oldrel-windows-ix86+x86_64

Version: 1.1.2
Check: installed package size
Result: NOTE
     installed size is 31.8Mb
     sub-directories of 1Mb or more:
     libs 31.3Mb
Flavors: r-devel-linux-x86_64-fedora-clang, r-release-macos-x86_64, r-oldrel-macos-x86_64