CRAN Package Check Results for Package MADPop

Last updated on 2020-01-26 17:49:47 CET.

Flavor Version Tinstall Tcheck Ttotal Status Flags
r-devel-linux-x86_64-debian-clang 1.1.2 111.56 151.60 263.16 NOTE
r-devel-linux-x86_64-debian-gcc 1.1.2 105.92 107.22 213.14 NOTE
r-devel-linux-x86_64-fedora-clang 1.1.2 340.18 NOTE
r-devel-linux-x86_64-fedora-gcc 1.1.2 355.34 NOTE
r-devel-windows-ix86+x86_64 1.1.2 248.00 284.00 532.00 NOTE
r-devel-windows-ix86+x86_64-gcc8 1.1.2 255.00 0.00 255.00 FAIL
r-patched-linux-x86_64 1.1.2 100.37 132.63 233.00 NOTE
r-patched-solaris-x86 1.1.2 420.60 NOTE
r-release-linux-x86_64 1.1.2 106.21 131.46 237.67 NOTE
r-release-windows-ix86+x86_64 1.1.2 190.00 194.00 384.00 NOTE
r-release-osx-x86_64 1.1.2 NOTE
r-oldrel-windows-ix86+x86_64 1.1.2 161.00 197.00 358.00 NOTE
r-oldrel-osx-x86_64 1.1.2 NOTE

Check Details

Version: 1.1.2
Check: for GNU extensions in Makefiles
Result: NOTE
    GNU make is a SystemRequirements.
Flavors: r-devel-linux-x86_64-debian-clang, r-devel-linux-x86_64-debian-gcc, r-devel-linux-x86_64-fedora-clang, r-devel-linux-x86_64-fedora-gcc, r-devel-windows-ix86+x86_64, r-devel-windows-ix86+x86_64-gcc8, r-patched-linux-x86_64, r-patched-solaris-x86, r-release-linux-x86_64, r-release-windows-ix86+x86_64, r-release-osx-x86_64, r-oldrel-windows-ix86+x86_64, r-oldrel-osx-x86_64

Version: 1.1.2
Check: installed package size
Result: NOTE
     installed size is 30.4Mb
     sub-directories of 1Mb or more:
     libs 29.9Mb
Flavors: r-devel-linux-x86_64-fedora-clang, r-release-osx-x86_64, r-oldrel-osx-x86_64

Version: 1.1.2
Check: re-building of vignette outputs
Result: FAIL
    Check process probably crashed or hung up for 20 minutes ... killed
    Most likely this happened in the example checks (?),
    if not, ignore the following last lines of example output:
    
    ======== End of example output (where/before crash/hang up occured ?) ========
Flavor: r-devel-windows-ix86+x86_64-gcc8