CRAN Package Check Results for Package MAMSE

Last updated on 2019-04-20 20:46:51 CEST.

Flavor Version Tinstall Tcheck Ttotal Status Flags
r-devel-linux-x86_64-debian-clang 0.2-1 2.65 22.11 24.76 OK
r-devel-linux-x86_64-debian-gcc 0.2-1 3.03 21.25 24.28 OK
r-devel-linux-x86_64-fedora-clang 0.2-1 29.84 NOTE
r-devel-linux-x86_64-fedora-gcc 0.2-1 28.59 NOTE
r-devel-windows-ix86+x86_64 0.2-1 7.00 41.00 48.00 OK
r-patched-linux-x86_64 0.2-1 2.53 22.07 24.60 OK
r-patched-solaris-x86 0.2-1 45.40 OK
r-release-linux-x86_64 0.2-1 1.74 20.69 22.43 OK
r-release-windows-ix86+x86_64 0.2-1 6.00 36.00 42.00 OK
r-release-osx-x86_64 0.2-1 OK
r-oldrel-windows-ix86+x86_64 0.2-1 6.00 35.00 41.00 OK
r-oldrel-osx-x86_64 0.2-1 OK

Check Details

Version: 0.2-1
Check: compiled code
Result: NOTE
    File ‘MAMSE/libs/MAMSE.so’:
     Found no calls to: ‘R_registerRoutines’, ‘R_useDynamicSymbols’
    
    It is good practice to register native routines and to disable symbol
    search.
    
    See ‘Writing portable packages’ in the ‘Writing R Extensions’ manual.
Flavors: r-devel-linux-x86_64-fedora-clang, r-devel-linux-x86_64-fedora-gcc