Last updated on 2022-05-19 03:56:00 CEST.
Flavor | Version | Tinstall | Tcheck | Ttotal | Status | Flags |
---|---|---|---|---|---|---|
r-devel-linux-x86_64-debian-clang | 0.5.3 | 11.87 | 260.70 | 272.57 | NOTE | |
r-devel-linux-x86_64-debian-gcc | 0.5.3 | 9.04 | 182.78 | 191.82 | NOTE | |
r-devel-linux-x86_64-fedora-clang | 0.5.3 | 304.19 | NOTE | |||
r-devel-linux-x86_64-fedora-gcc | 0.5.3 | 297.45 | NOTE | |||
r-devel-windows-x86_64 | 0.5.3 | 26.00 | 245.00 | 271.00 | OK | |
r-patched-linux-x86_64 | 0.5.3 | 11.12 | 238.37 | 249.49 | NOTE | |
r-release-linux-x86_64 | 0.5.3 | 12.20 | 233.67 | 245.87 | NOTE | |
r-release-macos-arm64 | 0.5.3 | 71.00 | NOTE | |||
r-release-macos-x86_64 | 0.5.3 | 105.00 | NOTE | |||
r-release-windows-x86_64 | 0.5.3 | 32.00 | 255.00 | 287.00 | OK | |
r-oldrel-macos-arm64 | 0.5.3 | 66.00 | NOTE | |||
r-oldrel-macos-x86_64 | 0.5.3 | 104.00 | OK | |||
r-oldrel-windows-ix86+x86_64 | 0.5.3 | 25.00 | 269.00 | 294.00 | OK |
Version: 0.5.3
Check: package dependencies
Result: NOTE
Package suggested but not available for checking: 'RGtk2'
Flavors: r-devel-linux-x86_64-debian-clang, r-devel-linux-x86_64-debian-gcc, r-devel-linux-x86_64-fedora-clang, r-devel-linux-x86_64-fedora-gcc, r-patched-linux-x86_64, r-release-linux-x86_64, r-release-macos-arm64, r-release-macos-x86_64, r-oldrel-macos-arm64
Version: 0.5.3
Check: Rd cross-references
Result: NOTE
Undeclared package ‘nparLD’ in Rd xrefs
Flavor: r-devel-linux-x86_64-fedora-clang