Last updated on 2025-01-20 18:49:42 CET.
Flavor | Version | Tinstall | Tcheck | Ttotal | Status | Flags |
---|---|---|---|---|---|---|
r-devel-linux-x86_64-debian-clang | 3.11.9 | 22.48 | 239.40 | 261.88 | NOTE | |
r-devel-linux-x86_64-debian-gcc | 3.11.9 | 11.50 | 167.36 | 178.86 | NOTE | |
r-devel-linux-x86_64-fedora-clang | 3.11.9 | 433.17 | OK | |||
r-devel-linux-x86_64-fedora-gcc | 3.11.9 | 408.19 | OK | |||
r-devel-windows-x86_64 | 3.11.9 | 18.00 | 285.00 | 303.00 | NOTE | |
r-patched-linux-x86_64 | 3.11.9 | 18.70 | 225.11 | 243.81 | NOTE | |
r-release-linux-x86_64 | 3.11.9 | 18.56 | 229.53 | 248.09 | NOTE | |
r-release-macos-arm64 | 3.11.9 | 105.00 | NOTE | |||
r-release-macos-x86_64 | 3.11.9 | 210.00 | NOTE | |||
r-release-windows-x86_64 | 3.11.9 | 21.00 | 289.00 | 310.00 | NOTE | |
r-oldrel-macos-arm64 | 3.11.9 | 120.00 | NOTE | |||
r-oldrel-macos-x86_64 | 3.11.9 | 311.00 | NOTE | |||
r-oldrel-windows-x86_64 | 3.11.9 | 25.00 | 337.00 | 362.00 | NOTE |
Version: 3.11.9
Check: Rd cross-references
Result: NOTE
Found the following Rd file(s) with Rd \link{} targets missing package
anchors:
MARSSFisherI.Rd: fdHess, nlme
Please provide package anchors for all Rd \link{} targets not in the
package itself and the base packages.
Flavors: r-devel-linux-x86_64-debian-clang, r-devel-linux-x86_64-debian-gcc, r-devel-windows-x86_64
Version: 3.11.9
Check: package dependencies
Result: NOTE
Package suggested but not available for checking: ‘marssTMB’
Flavors: r-patched-linux-x86_64, r-release-linux-x86_64, r-release-macos-arm64, r-release-macos-x86_64, r-release-windows-x86_64, r-oldrel-macos-arm64, r-oldrel-macos-x86_64, r-oldrel-windows-x86_64