Last updated on 2022-08-13 12:55:18 CEST.
Flavor | Version | Tinstall | Tcheck | Ttotal | Status | Flags |
---|---|---|---|---|---|---|
r-devel-linux-x86_64-debian-clang | 3.11.4 | 21.37 | 289.17 | 310.54 | OK | |
r-devel-linux-x86_64-debian-gcc | 3.11.4 | 17.03 | 206.29 | 223.32 | OK | |
r-devel-linux-x86_64-fedora-clang | 3.11.4 | 399.03 | NOTE | |||
r-devel-linux-x86_64-fedora-gcc | 3.11.4 | 379.52 | OK | |||
r-devel-windows-x86_64 | 3.11.4 | 63.00 | 365.00 | 428.00 | NOTE | |
r-patched-linux-x86_64 | 3.11.4 | 21.25 | 264.09 | 285.34 | OK | |
r-release-linux-x86_64 | 3.11.4 | 22.29 | 271.05 | 293.34 | OK | |
r-release-macos-arm64 | 3.11.4 | 88.00 | NOTE | |||
r-release-macos-x86_64 | 3.11.4 | 123.00 | NOTE | |||
r-release-windows-x86_64 | 3.11.4 | 52.00 | 360.00 | 412.00 | NOTE | |
r-oldrel-macos-arm64 | 3.11.4 | 94.00 | NOTE | |||
r-oldrel-macos-x86_64 | 3.11.4 | 127.00 | NOTE | |||
r-oldrel-windows-ix86+x86_64 | 3.11.4 | 35.00 | 313.00 | 348.00 | NOTE |
Version: 3.11.4
Check: installed package size
Result: NOTE
installed size is 5.1Mb
sub-directories of 1Mb or more:
doc 3.7Mb
Flavors: r-devel-linux-x86_64-fedora-clang, r-devel-windows-x86_64, r-release-macos-arm64, r-release-macos-x86_64, r-release-windows-x86_64, r-oldrel-macos-arm64, r-oldrel-macos-x86_64, r-oldrel-windows-ix86+x86_64