CRAN Package Check Results for Package MARSSVRhybrid

Last updated on 2021-06-13 22:48:23 CEST.

Flavor Version Tinstall Tcheck Ttotal Status Flags
r-devel-linux-x86_64-debian-clang 0.1.0 2.30 25.62 27.92 NOTE
r-devel-linux-x86_64-debian-gcc 0.1.0 1.80 21.01 22.81 NOTE
r-devel-linux-x86_64-fedora-clang 0.1.0 42.83 NOTE
r-devel-linux-x86_64-fedora-gcc 0.1.0 33.95 NOTE
r-devel-windows-x86_64 0.1.0 6.00 44.00 50.00 NOTE
r-devel-windows-x86_64-gcc10-UCRT 0.1.0 NOTE
r-patched-linux-x86_64 0.1.0 2.05 25.28 27.33 NOTE
r-patched-solaris-x86 0.1.0 51.70 NOTE
r-release-linux-x86_64 0.1.0 2.29 24.94 27.23 NOTE
r-release-macos-arm64 0.1.0 NOTE
r-release-macos-x86_64 0.1.0 NOTE
r-release-windows-ix86+x86_64 0.1.0 5.00 40.00 45.00 NOTE
r-oldrel-macos-x86_64 0.1.0 OK
r-oldrel-windows-ix86+x86_64 0.1.0 5.00 42.00 47.00 OK

Check Details

Version: 0.1.0
Check: LazyData
Result: NOTE
     'LazyData' is specified without a 'data' directory
Flavors: r-devel-linux-x86_64-debian-clang, r-devel-linux-x86_64-debian-gcc, r-devel-linux-x86_64-fedora-clang, r-devel-linux-x86_64-fedora-gcc, r-devel-windows-x86_64, r-devel-windows-x86_64-gcc10-UCRT, r-patched-linux-x86_64, r-patched-solaris-x86, r-release-linux-x86_64, r-release-macos-arm64, r-release-macos-x86_64, r-release-windows-ix86+x86_64