CRAN Package Check Results for Package MASS

Last updated on 2021-09-20 16:50:41 CEST.

Flavor Version Tinstall Tcheck Ttotal Status Flags
r-devel-linux-x86_64-debian-clang 7.3-54 12.18 95.73 107.91 OK
r-devel-linux-x86_64-debian-gcc 7.3-54 7.32 71.92 79.24 OK
r-devel-linux-x86_64-fedora-clang 7.3-54 142.81 OK
r-devel-linux-x86_64-fedora-gcc 7.3-54 132.10 OK
r-devel-windows-x86_64 7.3-54 19.00 93.00 112.00 OK
r-devel-windows-x86_64-gcc10-UCRT 7.3-54 ERROR
r-patched-linux-x86_64 7.3-54 15.93 92.76 108.69 OK
r-patched-solaris-x86 7.3-54 OK
r-release-linux-x86_64 7.3-54 13.80 91.97 105.77 OK
r-release-macos-arm64 7.3-54 OK
r-release-macos-x86_64 7.3-54 OK
r-release-windows-ix86+x86_64 7.3-54 29.00 169.00 198.00 OK
r-oldrel-macos-x86_64 7.3-54 OK
r-oldrel-windows-ix86+x86_64 7.3-54 26.00 169.00 195.00 OK

Check Details

Version: 7.3-54
Check: whether package can be installed
Result: ERROR
    Installation failed.
Flavor: r-devel-windows-x86_64-gcc10-UCRT