CRAN Package Check Results for Package MASSTIMATE

Last updated on 2020-11-30 18:51:21 CET.

Flavor Version Tinstall Tcheck Ttotal Status Flags
r-devel-linux-x86_64-debian-clang 2.0-1 3.33 27.15 30.48 OK
r-devel-linux-x86_64-debian-gcc 2.0-1 2.24 20.65 22.89 OK
r-devel-linux-x86_64-fedora-clang 2.0-1 43.17 NOTE
r-devel-linux-x86_64-fedora-gcc 2.0-1 34.80 NOTE
r-devel-windows-ix86+x86_64 2.0-1 11.00 30.00 41.00 OK
r-patched-linux-x86_64 2.0-1 3.31 26.66 29.97 OK
r-patched-solaris-x86 2.0-1 48.50 NOTE
r-release-linux-x86_64 2.0-1 3.31 26.75 30.06 OK
r-release-macos-x86_64 2.0-1 NOTE
r-release-windows-ix86+x86_64 2.0-1 6.00 36.00 42.00 OK
r-oldrel-macos-x86_64 2.0-1 NOTE
r-oldrel-windows-ix86+x86_64 2.0-1 4.00 33.00 37.00 NOTE

Check Details

Version: 2.0-1
Check: data for non-ASCII characters
Result: NOTE
     Note: found 1 marked UTF-8 string
Flavors: r-devel-linux-x86_64-fedora-clang, r-devel-linux-x86_64-fedora-gcc, r-patched-solaris-x86, r-release-macos-x86_64, r-oldrel-macos-x86_64

Version: 2.0-1
Check: R code for possible problems
Result: NOTE
    MASSunite: no visible global function definition for ‘plot’
    Undefined global functions or variables:
     plot
    Consider adding
     importFrom("graphics", "plot")
    to your NAMESPACE file.
Flavors: r-oldrel-macos-x86_64, r-oldrel-windows-ix86+x86_64