Last updated on 2023-06-02 09:57:30 CEST.
Flavor | Version | Tinstall | Tcheck | Ttotal | Status | Flags |
---|---|---|---|---|---|---|
r-devel-linux-x86_64-debian-clang | 2.0-1 | 2.77 | 28.26 | 31.03 | OK | |
r-devel-linux-x86_64-debian-gcc | 2.0-1 | 1.74 | 22.92 | 24.66 | OK | |
r-devel-linux-x86_64-fedora-clang | 2.0-1 | 41.05 | NOTE | |||
r-devel-linux-x86_64-fedora-gcc | 2.0-1 | 42.81 | NOTE | |||
r-devel-windows-x86_64 | 2.0-1 | 3.00 | 45.00 | 48.00 | OK | |
r-patched-linux-x86_64 | 2.0-1 | OK | ||||
r-release-linux-x86_64 | 2.0-1 | 2.88 | 28.04 | 30.92 | OK | |
r-release-macos-arm64 | 2.0-1 | 19.00 | OK | |||
r-release-macos-x86_64 | 2.0-1 | 24.00 | OK | |||
r-release-windows-x86_64 | 2.0-1 | 5.00 | 52.00 | 57.00 | OK | |
r-oldrel-macos-arm64 | 2.0-1 | 19.00 | OK | |||
r-oldrel-macos-x86_64 | 2.0-1 | 23.00 | NOTE | |||
r-oldrel-windows-x86_64 | 2.0-1 | 8.00 | 49.00 | 57.00 | OK |
Version: 2.0-1
Check: data for non-ASCII characters
Result: NOTE
Note: found 1 marked UTF-8 string
Flavors: r-devel-linux-x86_64-fedora-clang, r-devel-linux-x86_64-fedora-gcc, r-oldrel-macos-x86_64