CRAN Package Check Results for Package MAclinical

Last updated on 2021-06-15 10:49:54 CEST.

Flavor Version Tinstall Tcheck Ttotal Status Flags
r-devel-linux-x86_64-debian-clang 1.0-5 13.86 131.03 144.89 NOTE
r-devel-linux-x86_64-debian-gcc 1.0-5 11.85 96.14 107.99 NOTE
r-devel-linux-x86_64-fedora-clang 1.0-5 178.41 NOTE
r-devel-linux-x86_64-fedora-gcc 1.0-5 166.28 NOTE
r-devel-windows-x86_64 1.0-5 21.00 153.00 174.00 NOTE
r-devel-windows-x86_64-gcc10-UCRT 1.0-5 NOTE
r-patched-linux-x86_64 1.0-5 14.11 121.71 135.82 NOTE
r-patched-solaris-x86 1.0-5 236.10 NOTE
r-release-linux-x86_64 1.0-5 12.23 121.40 133.63 NOTE
r-release-macos-arm64 1.0-5 NOTE
r-release-macos-x86_64 1.0-5 NOTE
r-release-windows-ix86+x86_64 1.0-5 33.00 152.00 185.00 NOTE
r-oldrel-macos-x86_64 1.0-5 NOTE
r-oldrel-windows-ix86+x86_64 1.0-5 34.00 151.00 185.00 NOTE

Check Details

Version: 1.0-5
Check: R code for possible problems
Result: NOTE
    logistic_z: no visible global function definition for 'glm'
    logistic_z: no visible binding for global variable 'binomial'
    logistic_z: no visible global function definition for 'predict'
    plsrf_x: no visible global function definition for 'qnorm'
    plsrf_x: no visible global function definition for 'predict'
    plsrf_x_pv: no visible global function definition for 'qnorm'
    plsrf_x_pv: no visible global function definition for 'predict'
    plsrf_xz: no visible global function definition for 'qnorm'
    plsrf_xz: no visible global function definition for 'predict'
    plsrf_xz_pv: no visible global function definition for 'qnorm'
    plsrf_xz_pv: no visible global function definition for 'predict'
    rf_z: no visible global function definition for 'qnorm'
    rf_z: no visible global function definition for 'predict'
    simuldata_list: no visible global function definition for 'rnorm'
    simuldatacluster_list: no visible global function definition for
     'rnorm'
    svm_x: no visible global function definition for 'predict'
    Undefined global functions or variables:
     binomial glm predict qnorm rnorm
    Consider adding
     importFrom("stats", "binomial", "glm", "predict", "qnorm", "rnorm")
    to your NAMESPACE file.
Flavors: r-devel-linux-x86_64-debian-clang, r-devel-linux-x86_64-debian-gcc, r-devel-linux-x86_64-fedora-clang, r-devel-linux-x86_64-fedora-gcc, r-devel-windows-x86_64, r-devel-windows-x86_64-gcc10-UCRT, r-patched-linux-x86_64, r-patched-solaris-x86, r-release-linux-x86_64, r-release-macos-arm64, r-release-macos-x86_64, r-release-windows-ix86+x86_64, r-oldrel-macos-x86_64, r-oldrel-windows-ix86+x86_64