CRAN Package Check Results for Package MAd

Last updated on 2021-06-19 13:53:22 CEST.

Flavor Version Tinstall Tcheck Ttotal Status Flags
r-devel-linux-x86_64-debian-clang 0.8-2.1 5.60 50.83 56.43 NOTE
r-devel-linux-x86_64-debian-gcc 0.8-2.1 4.78 39.00 43.78 NOTE
r-devel-linux-x86_64-fedora-clang 0.8-2.1 81.48 NOTE
r-devel-linux-x86_64-fedora-gcc 0.8-2.1 68.41 NOTE
r-devel-windows-x86_64 0.8-2.1 10.00 71.00 81.00 NOTE
r-devel-windows-x86_64-gcc10-UCRT 0.8-2.1 NOTE
r-patched-linux-x86_64 0.8-2.1 7.51 49.06 56.57 NOTE
r-patched-solaris-x86 0.8-2.1 92.70 NOTE
r-release-linux-x86_64 0.8-2.1 5.39 48.61 54.00 NOTE
r-release-macos-arm64 0.8-2.1 NOTE
r-release-macos-x86_64 0.8-2.1 NOTE
r-release-windows-ix86+x86_64 0.8-2.1 11.00 72.00 83.00 NOTE
r-oldrel-macos-x86_64 0.8-2.1 NOTE
r-oldrel-windows-ix86+x86_64 0.8-2.1 8.00 65.00 73.00 NOTE

Check Details

Version: 0.8-2.1
Check: package dependencies
Result: NOTE
    Package suggested but not available for checking: 'R2wd'
Flavors: r-devel-linux-x86_64-debian-clang, r-devel-linux-x86_64-debian-gcc, r-devel-linux-x86_64-fedora-clang, r-devel-linux-x86_64-fedora-gcc, r-patched-linux-x86_64, r-patched-solaris-x86, r-release-linux-x86_64, r-release-macos-arm64, r-release-macos-x86_64, r-oldrel-macos-x86_64

Version: 0.8-2.1
Check: dependencies in R code
Result: NOTE
    'library' or 'require' calls in package code:
     'R2wd' 'ggplot2' 'metafor'
     Please use :: or requireNamespace() instead.
     See section 'Suggested packages' in the 'Writing R Extensions' manual.
Flavors: r-devel-linux-x86_64-debian-clang, r-devel-linux-x86_64-debian-gcc, r-devel-linux-x86_64-fedora-clang, r-devel-linux-x86_64-fedora-gcc, r-devel-windows-x86_64, r-devel-windows-x86_64-gcc10-UCRT, r-patched-linux-x86_64, r-patched-solaris-x86, r-release-linux-x86_64, r-release-macos-arm64, r-release-macos-x86_64, r-release-windows-ix86+x86_64, r-oldrel-macos-x86_64, r-oldrel-windows-ix86+x86_64