CRAN Package Check Results for Package MAnorm2

Last updated on 2021-10-27 13:54:11 CEST.

Flavor Version Tinstall Tcheck Ttotal Status Flags
r-devel-linux-x86_64-debian-clang 1.2.0 7.09 316.69 323.78 OK
r-devel-linux-x86_64-debian-gcc 1.2.0 6.37 222.29 228.66 OK
r-devel-linux-x86_64-fedora-clang 1.2.0 406.91 NOTE
r-devel-linux-x86_64-fedora-gcc 1.2.0 390.32 OK
r-devel-windows-x86_64 1.2.0 12.00 367.00 379.00 NOTE
r-devel-windows-x86_64-gcc10-UCRT 1.2.0 OK
r-patched-linux-x86_64 1.2.0 8.89 306.21 315.10 OK
r-patched-solaris-x86 1.2.0 160.50 NOTE
r-release-linux-x86_64 1.2.0 8.04 306.61 314.65 OK
r-release-macos-arm64 1.2.0 NOTE
r-release-macos-x86_64 1.2.0 NOTE
r-release-windows-ix86+x86_64 1.2.0 11.00 378.00 389.00 NOTE
r-oldrel-macos-x86_64 1.2.0 NOTE
r-oldrel-windows-ix86+x86_64 1.2.0 13.00 396.00 409.00 NOTE

Check Details

Version: 1.2.0
Check: installed package size
Result: NOTE
     installed size is 5.3Mb
     sub-directories of 1Mb or more:
     data 1.2Mb
     doc 3.5Mb
Flavors: r-devel-linux-x86_64-fedora-clang, r-devel-windows-x86_64, r-patched-solaris-x86, r-release-macos-arm64, r-release-macos-x86_64, r-release-windows-ix86+x86_64, r-oldrel-macos-x86_64, r-oldrel-windows-ix86+x86_64