CRAN Package Check Results for Package MB

Last updated on 2023-12-11 13:49:41 CET.

Flavor Version Tinstall Tcheck Ttotal Status Flags
r-devel-linux-x86_64-debian-clang 0.1.1 2.41 24.66 27.07 OK
r-devel-linux-x86_64-debian-gcc 0.1.1 1.91 18.89 20.80 OK
r-devel-linux-x86_64-fedora-clang 0.1.1 33.62 NOTE
r-devel-linux-x86_64-fedora-gcc 0.1.1 42.81 NOTE
r-devel-windows-x86_64 0.1.1 3.00 40.00 43.00 OK
r-patched-linux-x86_64 0.1.1 2.54 23.12 25.66 OK
r-release-linux-x86_64 0.1.1 2.15 22.96 25.11 OK
r-release-macos-arm64 0.1.1 22.00 OK
r-release-macos-x86_64 0.1.1 29.00 OK
r-release-windows-x86_64 0.1.1 4.00 41.00 45.00 OK
r-oldrel-macos-arm64 0.1.1 17.00 OK
r-oldrel-macos-x86_64 0.1.1 24.00 OK
r-oldrel-windows-x86_64 0.1.1 4.00 44.00 48.00 OK

Check Details

Version: 0.1.1
Check: dependencies in R code
Result: NOTE Namespace in Imports field not imported from: ‘tibble’ All declared Imports should be used. Flavors: r-devel-linux-x86_64-fedora-clang, r-devel-linux-x86_64-fedora-gcc