CRAN Package Check Results for Package MB

Last updated on 2023-06-05 15:58:27 CEST.

Flavor Version Tinstall Tcheck Ttotal Status Flags
r-devel-linux-x86_64-debian-clang 0.1.1 2.54 23.69 26.23 OK
r-devel-linux-x86_64-debian-gcc 0.1.1 1.88 18.67 20.55 OK
r-devel-linux-x86_64-fedora-clang 0.1.1 33.62 NOTE
r-devel-linux-x86_64-fedora-gcc 0.1.1 44.93 NOTE
r-devel-windows-x86_64 0.1.1 3.00 41.00 44.00 OK
r-patched-linux-x86_64 0.1.1 1.75 22.66 24.41 OK
r-release-linux-x86_64 0.1.1 1.79 22.52 24.31 OK
r-release-macos-arm64 0.1.1 22.00 OK
r-release-macos-x86_64 0.1.1 29.00 OK
r-release-windows-x86_64 0.1.1 5.00 41.00 46.00 OK
r-oldrel-macos-arm64 0.1.1 17.00 OK
r-oldrel-macos-x86_64 0.1.1 24.00 OK
r-oldrel-windows-x86_64 0.1.1 4.00 44.00 48.00 OK

Check Details

Version: 0.1.1
Check: dependencies in R code
Result: NOTE
    Namespace in Imports field not imported from: ‘tibble’
     All declared Imports should be used.
Flavors: r-devel-linux-x86_64-fedora-clang, r-devel-linux-x86_64-fedora-gcc