Last updated on 2023-10-03 15:04:37 CEST.
Flavor | Version | Tinstall | Tcheck | Ttotal | Status | Flags |
---|---|---|---|---|---|---|
r-devel-linux-x86_64-debian-clang | 0.1.4.2 | 29.18 | 201.15 | 230.33 | OK | |
r-devel-linux-x86_64-debian-gcc | 0.1.4.2 | 27.21 | 163.21 | 190.42 | OK | |
r-devel-linux-x86_64-fedora-clang | 0.1.4.2 | 284.36 | OK | |||
r-devel-linux-x86_64-fedora-gcc | 0.1.4.2 | 435.73 | OK | |||
r-devel-windows-x86_64 | 0.1.4.2 | 29.00 | 157.00 | 186.00 | OK | |
r-patched-linux-x86_64 | 0.1.4.2 | 22.70 | 191.05 | 213.75 | OK | |
r-release-linux-x86_64 | 0.1.4.2 | 23.08 | 190.61 | 213.69 | OK | |
r-release-macos-arm64 | 0.1.4.2 | 132.00 | NOTE | |||
r-release-macos-x86_64 | 0.1.4.2 | 299.00 | NOTE | |||
r-release-windows-x86_64 | 0.1.4.2 | 40.00 | 187.00 | 227.00 | OK | |
r-oldrel-macos-arm64 | 0.1.4.2 | 134.00 | NOTE | |||
r-oldrel-macos-x86_64 | 0.1.4.2 | 158.00 | OK | |||
r-oldrel-windows-x86_64 | 0.1.4.2 | 39.00 | 186.00 | 225.00 | OK |
Version: 0.1.4.2
Check: installed package size
Result: NOTE
installed size is 5.1Mb
sub-directories of 1Mb or more:
R 1.1Mb
data 3.9Mb
Flavors: r-release-macos-arm64, r-release-macos-x86_64, r-oldrel-macos-arm64