CRAN Package Check Results for Package MBNMAtime

Last updated on 2020-07-05 06:47:16 CEST.

Flavor Version Tinstall Tcheck Ttotal Status Flags
r-devel-linux-x86_64-debian-clang 0.1.3 8.92 407.61 416.53 OK
r-devel-linux-x86_64-debian-gcc 0.1.3 7.72 293.20 300.92 OK
r-devel-linux-x86_64-fedora-clang 0.1.3 485.18 NOTE
r-devel-linux-x86_64-fedora-gcc 0.1.3 503.69 OK
r-devel-windows-ix86+x86_64 0.1.3 21.00 463.00 484.00 OK
r-patched-linux-x86_64 0.1.3 9.46 401.55 411.01 OK
r-patched-solaris-x86 0.1.3 2043.30 WARN
r-release-linux-x86_64 0.1.3 8.64 402.35 410.99 OK
r-release-osx-x86_64 0.1.3 OK
r-release-windows-ix86+x86_64 0.1.3 15.00 340.00 355.00 OK
r-oldrel-osx-x86_64 0.1.3 OK
r-oldrel-windows-ix86+x86_64 0.1.3 39.00 499.00 538.00 OK

Check Details

Version: 0.1.3
Check: Rd cross-references
Result: NOTE
    Undeclared package ‘gemtc’ in Rd xrefs
Flavor: r-devel-linux-x86_64-fedora-clang

Version: 0.1.3
Check: re-building of vignette outputs
Result: WARN
    Error(s) in re-building vignettes:
     ...
    --- re-building ‘MBNMAtime.Rmd’ using rmarkdown
    Warning in engine$weave(file, quiet = quiet, encoding = enc) :
     Pandoc (>= 1.12.3) and/or pandoc-citeproc not available. Falling back to R Markdown v1.
    Reference treatment is `plac`
    
    ET50 parameters (beta.2) are on exponential scale to ensure they take positive values on the natural scale
Flavor: r-patched-solaris-x86