CRAN Package Check Results for Package MBNMAtime

Last updated on 2019-12-06 13:48:40 CET.

Flavor Version Tinstall Tcheck Ttotal Status Flags
r-devel-linux-x86_64-debian-clang 0.1.2 9.51 314.45 323.96 OK
r-devel-linux-x86_64-debian-gcc 0.1.2 7.41 236.90 244.31 OK
r-devel-linux-x86_64-fedora-clang 0.1.2 386.32 OK
r-devel-linux-x86_64-fedora-gcc 0.1.2 384.28 OK
r-devel-windows-ix86+x86_64 0.1.2 14.00 282.00 296.00 OK
r-devel-windows-ix86+x86_64-gcc8 0.1.2 16.00 286.00 302.00 OK
r-patched-linux-x86_64 0.1.2 7.31 328.49 335.80 OK
r-patched-solaris-x86 0.1.2 2042.20 WARN
r-release-linux-x86_64 0.1.2 6.76 319.26 326.02 OK
r-release-windows-ix86+x86_64 0.1.2 14.00 278.00 292.00 OK
r-release-osx-x86_64 0.1.2 OK
r-oldrel-windows-ix86+x86_64 0.1.2 12.00 357.00 369.00 OK
r-oldrel-osx-x86_64 0.1.2 OK

Check Details

Version: 0.1.2
Check: re-building of vignette outputs
Result: WARN
    Error(s) in re-building vignettes:
     ...
    --- re-building ‘MBNMAtime.Rmd’ using rmarkdown
    Warning in engine$weave(file, quiet = quiet, encoding = enc) :
     Pandoc (>= 1.12.3) and/or pandoc-citeproc not available. Falling back to R Markdown v1.
    Reference treatment is `plac`
    
    ET50 parameters (beta.2) are on exponential scale to ensure they take positive values on the natural scale
Flavor: r-patched-solaris-x86