CRAN Package Check Results for Package MBNMAtime

Last updated on 2023-05-28 17:55:27 CEST.

Flavor Version Tinstall Tcheck Ttotal Status Flags
r-devel-linux-x86_64-debian-clang 0.2.3 13.68 360.39 374.07 OK
r-devel-linux-x86_64-debian-gcc 0.2.3 10.56 267.18 277.74 OK
r-devel-linux-x86_64-fedora-clang 0.2.3 534.91 OK
r-devel-linux-x86_64-fedora-gcc 0.2.3 465.64 OK
r-devel-windows-x86_64 0.2.3 13.00 266.00 279.00 OK
r-patched-linux-x86_64 0.2.3 14.65 349.34 363.99 OK
r-release-linux-x86_64 0.2.3 11.40 347.86 359.26 OK
r-release-macos-arm64 0.2.3 126.00 OK
r-release-macos-x86_64 0.2.3 90.00 NOTE
r-release-windows-x86_64 0.2.3 14.00 342.00 356.00 OK
r-oldrel-macos-arm64 0.2.3 114.00 OK
r-oldrel-macos-x86_64 0.2.3 163.00 OK
r-oldrel-windows-x86_64 0.2.3 14.00 323.00 337.00 OK

Check Details

Version: 0.2.3
Check: package dependencies
Result: NOTE
    Package suggested but not available for checking: ‘rgeos’
Flavor: r-release-macos-x86_64

Version: 0.2.3
Check: Rd cross-references
Result: NOTE
    Package unavailable to check Rd xrefs: ‘rgeos’
Flavor: r-release-macos-x86_64