CRAN Package Check Results for Package MC2toPath

Last updated on 2020-06-01 03:51:58 CEST.

Flavor Version Tinstall Tcheck Ttotal Status Flags
r-devel-linux-x86_64-debian-clang 0.0.16 2.90 25.07 27.97 NOTE
r-devel-linux-x86_64-debian-gcc 0.0.16 2.39 19.70 22.09 NOTE
r-devel-linux-x86_64-fedora-clang 0.0.16 41.38 NOTE
r-devel-linux-x86_64-fedora-gcc 0.0.16 33.14 NOTE
r-devel-windows-ix86+x86_64 0.0.16 7.00 53.00 60.00 NOTE
r-patched-linux-x86_64 0.0.16 3.09 24.77 27.86 NOTE
r-patched-solaris-x86 0.0.16 48.40 NOTE
r-release-linux-x86_64 0.0.16 3.03 24.89 27.92 NOTE
r-release-osx-x86_64 0.0.16 NOTE
r-release-windows-ix86+x86_64 0.0.16 6.00 52.00 58.00 NOTE
r-oldrel-osx-x86_64 0.0.16 NOTE
r-oldrel-windows-ix86+x86_64 0.0.16 9.00 54.00 63.00 NOTE

Check Details

Version: 0.0.16
Check: DESCRIPTION meta-information
Result: NOTE
    Malformed Title field: should not end in a period.
Flavors: r-devel-linux-x86_64-debian-clang, r-devel-linux-x86_64-debian-gcc, r-devel-linux-x86_64-fedora-clang, r-devel-linux-x86_64-fedora-gcc, r-devel-windows-ix86+x86_64, r-patched-linux-x86_64, r-patched-solaris-x86, r-release-linux-x86_64, r-release-osx-x86_64, r-release-windows-ix86+x86_64, r-oldrel-osx-x86_64, r-oldrel-windows-ix86+x86_64

Version: 0.0.16
Check: Rd line widths
Result: NOTE
    Rd file 'VegTypeChanges.Rd':
     \examples lines wider than 100 characters:
     ## vegChanges = VegTypeChanges(ncdf.th <- system.file("netcdf", "WW2100_HadGEM2-ES85_year_sample.nc", PACKAGE = "MC2toPath")path, base. ... [TRUNCATED]
    
    These lines will be truncated in the PDF manual.
Flavors: r-devel-linux-x86_64-debian-clang, r-devel-linux-x86_64-debian-gcc, r-devel-linux-x86_64-fedora-clang, r-devel-linux-x86_64-fedora-gcc, r-patched-linux-x86_64, r-release-linux-x86_64

Version: 0.0.16
Check: for non-standard things in the check directory
Result: NOTE
    Found the following files/directories:
     'fireFracs.csv' 'fireProbabilityMultipliers.txt'
     'vegChangeProbabilityMultipliers.txt'
Flavors: r-devel-linux-x86_64-debian-clang, r-devel-linux-x86_64-debian-gcc, r-devel-linux-x86_64-fedora-clang, r-devel-linux-x86_64-fedora-gcc, r-patched-linux-x86_64, r-patched-solaris-x86, r-release-linux-x86_64