CRAN Package Check Results for Package MC2toPath

Last updated on 2019-10-23 07:50:49 CEST.

Flavor Version Tinstall Tcheck Ttotal Status Flags
r-devel-linux-x86_64-debian-clang 0.0.16 2.57 24.87 27.44 NOTE
r-devel-linux-x86_64-debian-gcc 0.0.16 2.27 19.98 22.25 NOTE
r-devel-linux-x86_64-fedora-clang 0.0.16 35.48 NOTE
r-devel-linux-x86_64-fedora-gcc 0.0.16 33.29 NOTE
r-devel-windows-ix86+x86_64 0.0.16 6.00 56.00 62.00 NOTE
r-patched-linux-x86_64 0.0.16 2.16 25.45 27.61 NOTE
r-patched-solaris-x86 0.0.16 48.10 NOTE
r-release-linux-x86_64 0.0.16 2.40 25.25 27.65 NOTE
r-release-windows-ix86+x86_64 0.0.16 11.00 83.00 94.00 NOTE
r-release-osx-x86_64 0.0.16 NOTE
r-oldrel-windows-ix86+x86_64 0.0.16 5.00 76.00 81.00 NOTE
r-oldrel-osx-x86_64 0.0.16 NOTE

Check Details

Version: 0.0.16
Check: DESCRIPTION meta-information
Result: NOTE
    Malformed Title field: should not end in a period.
Flavors: r-devel-linux-x86_64-debian-clang, r-devel-linux-x86_64-debian-gcc, r-devel-linux-x86_64-fedora-clang, r-devel-linux-x86_64-fedora-gcc, r-devel-windows-ix86+x86_64, r-patched-linux-x86_64, r-patched-solaris-x86, r-release-linux-x86_64, r-release-windows-ix86+x86_64, r-release-osx-x86_64, r-oldrel-windows-ix86+x86_64, r-oldrel-osx-x86_64

Version: 0.0.16
Check: Rd line widths
Result: NOTE
    Rd file 'VegTypeChanges.Rd':
     \examples lines wider than 100 characters:
     ## vegChanges = VegTypeChanges(ncdf.th <- system.file("netcdf", "WW2100_HadGEM2-ES85_year_sample.nc", PACKAGE = "MC2toPath")path, base. ... [TRUNCATED]
    
    These lines will be truncated in the PDF manual.
Flavors: r-devel-linux-x86_64-debian-clang, r-devel-linux-x86_64-debian-gcc, r-devel-linux-x86_64-fedora-clang, r-devel-linux-x86_64-fedora-gcc, r-patched-linux-x86_64, r-release-linux-x86_64

Version: 0.0.16
Check: for non-standard things in the check directory
Result: NOTE
    Found the following files/directories:
     'fireFracs.csv' 'fireProbabilityMultipliers.txt'
     'vegChangeProbabilityMultipliers.txt'
Flavors: r-devel-linux-x86_64-debian-clang, r-devel-linux-x86_64-debian-gcc, r-devel-linux-x86_64-fedora-clang, r-devel-linux-x86_64-fedora-gcc