CRAN Package Check Results for Package MCBackscattering

Last updated on 2021-12-03 01:51:04 CET.

Flavor Version Tinstall Tcheck Ttotal Status Flags
r-devel-linux-x86_64-debian-clang 0.1.1 2.85 36.06 38.91 NOTE
r-devel-linux-x86_64-debian-gcc 0.1.1 1.73 26.65 28.38 NOTE
r-devel-linux-x86_64-fedora-clang 0.1.1 57.16 NOTE
r-devel-linux-x86_64-fedora-gcc 0.1.1 45.36 NOTE
r-devel-windows-x86_64-new-UL 0.1.1 7.00 63.00 70.00 NOTE
r-devel-windows-x86_64-new-TK 0.1.1 NOTE
r-devel-windows-x86_64-old 0.1.1 6.00 35.00 41.00 NOTE
r-patched-linux-x86_64 0.1.1 3.16 32.69 35.85 NOTE
r-patched-solaris-x86 0.1.1 60.90 NOTE
r-release-linux-x86_64 0.1.1 2.83 32.59 35.42 NOTE
r-release-macos-arm64 0.1.1 NOTE
r-release-macos-x86_64 0.1.1 NOTE
r-release-windows-ix86+x86_64 0.1.1 6.00 47.00 53.00 NOTE
r-oldrel-macos-x86_64 0.1.1 OK
r-oldrel-windows-ix86+x86_64 0.1.1 6.00 45.00 51.00 OK

Check Details

Version: 0.1.1
Check: LazyData
Result: NOTE
     'LazyData' is specified without a 'data' directory
Flavors: r-devel-linux-x86_64-debian-clang, r-devel-linux-x86_64-debian-gcc, r-devel-linux-x86_64-fedora-clang, r-devel-linux-x86_64-fedora-gcc, r-devel-windows-x86_64-new-UL, r-devel-windows-x86_64-new-TK, r-devel-windows-x86_64-old, r-patched-linux-x86_64, r-patched-solaris-x86, r-release-linux-x86_64, r-release-macos-arm64, r-release-macos-x86_64, r-release-windows-ix86+x86_64