CRAN Package Check Results for Package MCDA

Last updated on 2020-03-30 09:51:33 CEST.

Flavor Version Tinstall Tcheck Ttotal Status Flags
r-devel-linux-x86_64-debian-clang 0.0.20 14.00 127.19 141.19 OK
r-devel-linux-x86_64-debian-gcc 0.0.20 10.07 98.76 108.83 OK
r-devel-linux-x86_64-fedora-clang 0.0.20 168.39 NOTE
r-devel-linux-x86_64-fedora-gcc 0.0.20 165.41 NOTE
r-devel-windows-ix86+x86_64 0.0.20 20.00 252.00 272.00 ERROR
r-devel-windows-ix86+x86_64-gcc8 0.0.20 21.00 176.00 197.00 ERROR
r-patched-linux-x86_64 0.0.20 15.65 126.14 141.79 OK
r-patched-solaris-x86 0.0.20 229.80 NOTE
r-release-linux-x86_64 0.0.20 11.30 116.88 128.18 OK
r-release-windows-ix86+x86_64 0.0.20 17.00 185.00 202.00 NOTE
r-release-osx-x86_64 0.0.20 NOTE
r-oldrel-windows-ix86+x86_64 0.0.20 16.00 195.00 211.00 NOTE
r-oldrel-osx-x86_64 0.0.20 NOTE

Check Details

Version: 0.0.20
Check: package dependencies
Result: NOTE
    Package suggested but not available for checking: ‘cplexAPI’
Flavors: r-devel-linux-x86_64-fedora-clang, r-devel-linux-x86_64-fedora-gcc, r-devel-windows-ix86+x86_64, r-devel-windows-ix86+x86_64-gcc8, r-patched-solaris-x86, r-release-windows-ix86+x86_64, r-release-osx-x86_64, r-oldrel-windows-ix86+x86_64, r-oldrel-osx-x86_64

Version: 0.0.20
Check: examples
Result: ERROR
    Running examples in 'MCDA-Ex.R' failed
    The error most likely occurred in:
    
    > ### Name: plotAlternativesValuesPreorder
    > ### Title: Function to plot a preorder of alternatives, based on some score
    > ### or ranking.
    > ### Aliases: plotAlternativesValuesPreorder
    > ### Keywords: methods
    >
    > ### ** Examples
    >
    > library(MCDA)
    >
    > alternativesValues <- c(10,1,8,3,8,3,4,4,8,5)
    >
    > names(alternativesValues) <- c("x10","x1","x9","x2","x8",
    + "x3","x7","x4","x6","x5")
    >
    > plotAlternativesValuesPreorder(alternativesValues,
    + decreasing=TRUE,
    + alternativesIDs=c("x10","x3","x7",
    + "x4","x6","x5"))
    Warning: multiple methods tables found for 'plot'
    Error in as.double(y) :
     cannot coerce type 'S4' to vector of type 'double'
    Calls: plotAlternativesValuesPreorder ... <Anonymous> -> <Anonymous> -> plot.default -> xy.coords
    Execution halted
Flavors: r-devel-windows-ix86+x86_64, r-devel-windows-ix86+x86_64-gcc8

Version: 0.0.20
Check: tests
Result: ERROR
     Running 'AHP.R' [1s]
     Running 'LPDMRSort.R' [1s]
     Running 'LPDMRSortIdentifyIncompatibleAssignments.R' [7s]
     Running 'LPDMRSortIdentifyUsedDictatorProfiles.R' [1s]
     Running 'LPDMRSortIdentifyUsedVetoProfiles.R' [1s]
     Running 'LPDMRSortInferenceApprox.R' [5s]
     Running 'LPDMRSortInferenceExact.R' [5s]
     Running 'MARE.R' [1s]
     Running 'MRSort.R' [1s]
     Running 'MRSortIdentifyIncompatibleAssignments.R' [3s]
     Running 'MRSortIdentifyUsedVetoProfiles.R' [1s]
     Running 'MRSortInferenceApprox.R' [9s]
     Running 'MRSortInferenceExact.R' [1s]
     Running 'SRMP.R' [1s]
     Running 'SRMPInference.R' [3s]
     Running 'SRMPInferenceApprox.R' [1s]
     Running 'SRMPInferenceApproxFixedLexicographicOrder.R' [1s]
     Running 'SRMPInferenceApproxFixedProfilesNumber.R' [1s]
     Running 'SRMPInferenceFixedLexicographicOrder.R' [4s]
     Running 'SRMPInferenceFixedProfilesNumber.R' [1s]
     Running 'SRMPInferenceNoInconsist.R' [1s]
     Running 'SRMPInferenceNoInconsistFixedLexicographicOrder.R' [62s]
     Running 'SRMPInferenceNoInconsistFixedProfilesNumber.R' [12s]
     Running 'TOPSIS.R' [1s]
     Running 'UTA.R' [1s]
     Running 'UTADIS.R' [1s]
     Running 'UTASTAR.R' [1s]
     Running 'additiveValueFunctionElicitation.R' [1s]
     Running 'applyPiecewiseLinearValueFunctionsOnPerformanceTable.R' [1s]
     Running 'assignAlternativesToCategoriesByThresholds.R' [1s]
     Running 'normalizePerformanceTable.R' [1s]
     Running 'pairwiseConsistencyMeasures.R' [1s]
     Running 'plotAlternativesValuesPreorder.R' [2s]
     Running 'plotMRSortSortingProblem.R' [1s]
     Running 'plotRadarPerformanceTable.R' [1s]
     Running 'weightedSum.R' [1s]
    Running the tests in 'tests/plotAlternativesValuesPreorder.R' failed.
    Complete output:
     > library(MCDA)
     >
     > alternativesValues <- c(10,1,8,3,8,3,4,4,8,5)
     >
     > names(alternativesValues) <- c("x10","x1","x9","x2","x8","x3","x7","x4","x6","x5")
     >
     > plotAlternativesValuesPreorder(alternativesValues, decreasing=TRUE, alternativesIDs=c("x10","x3","x7","x4","x6","x5"))
     Error in as.double(y) :
     cannot coerce type 'S4' to vector of type 'double'
     Calls: plotAlternativesValuesPreorder ... <Anonymous> -> <Anonymous> -> plot.default -> xy.coords
     In addition: Warning message:
     multiple methods tables found for 'plot'
     Execution halted
Flavor: r-devel-windows-ix86+x86_64

Version: 0.0.20
Check: tests
Result: ERROR
     Running 'AHP.R' [0s]
     Running 'LPDMRSort.R' [1s]
     Running 'LPDMRSortIdentifyIncompatibleAssignments.R' [5s]
     Running 'LPDMRSortIdentifyUsedDictatorProfiles.R' [0s]
     Running 'LPDMRSortIdentifyUsedVetoProfiles.R' [0s]
     Running 'LPDMRSortInferenceApprox.R' [4s]
     Running 'LPDMRSortInferenceExact.R' [4s]
     Running 'MARE.R' [0s]
     Running 'MRSort.R' [0s]
     Running 'MRSortIdentifyIncompatibleAssignments.R' [2s]
     Running 'MRSortIdentifyUsedVetoProfiles.R' [1s]
     Running 'MRSortInferenceApprox.R' [8s]
     Running 'MRSortInferenceExact.R' [0s]
     Running 'SRMP.R' [0s]
     Running 'SRMPInference.R' [2s]
     Running 'SRMPInferenceApprox.R' [1s]
     Running 'SRMPInferenceApproxFixedLexicographicOrder.R' [1s]
     Running 'SRMPInferenceApproxFixedProfilesNumber.R' [1s]
     Running 'SRMPInferenceFixedLexicographicOrder.R' [3s]
     Running 'SRMPInferenceFixedProfilesNumber.R' [1s]
     Running 'SRMPInferenceNoInconsist.R' [1s]
     Running 'SRMPInferenceNoInconsistFixedLexicographicOrder.R' [49s]
     Running 'SRMPInferenceNoInconsistFixedProfilesNumber.R' [10s]
     Running 'TOPSIS.R' [0s]
     Running 'UTA.R' [0s]
     Running 'UTADIS.R' [0s]
     Running 'UTASTAR.R' [0s]
     Running 'additiveValueFunctionElicitation.R' [0s]
     Running 'applyPiecewiseLinearValueFunctionsOnPerformanceTable.R' [1s]
     Running 'assignAlternativesToCategoriesByThresholds.R' [0s]
     Running 'normalizePerformanceTable.R' [0s]
     Running 'pairwiseConsistencyMeasures.R' [0s]
     Running 'plotAlternativesValuesPreorder.R' [1s]
     Running 'plotMRSortSortingProblem.R' [0s]
     Running 'plotRadarPerformanceTable.R' [1s]
     Running 'weightedSum.R' [0s]
    Running the tests in 'tests/plotAlternativesValuesPreorder.R' failed.
    Complete output:
     > library(MCDA)
     >
     > alternativesValues <- c(10,1,8,3,8,3,4,4,8,5)
     >
     > names(alternativesValues) <- c("x10","x1","x9","x2","x8","x3","x7","x4","x6","x5")
     >
     > plotAlternativesValuesPreorder(alternativesValues, decreasing=TRUE, alternativesIDs=c("x10","x3","x7","x4","x6","x5"))
     Error in as.double(y) :
     cannot coerce type 'S4' to vector of type 'double'
     Calls: plotAlternativesValuesPreorder ... <Anonymous> -> <Anonymous> -> plot.default -> xy.coords
     In addition: Warning message:
     multiple methods tables found for 'plot'
     Execution halted
Flavor: r-devel-windows-ix86+x86_64-gcc8