CRAN Package Check Results for Package MCI2

Last updated on 2019-09-19 02:47:52 CEST.

Flavor Version Tinstall Tcheck Ttotal Status Flags
r-devel-linux-x86_64-debian-clang 1.1.2 10.97 87.83 98.80 OK
r-devel-linux-x86_64-debian-gcc 1.1.2 8.45 71.10 79.55 OK
r-devel-linux-x86_64-fedora-clang 1.1.2 124.06 NOTE
r-devel-linux-x86_64-fedora-gcc 1.1.2 123.54 NOTE
r-devel-windows-ix86+x86_64 1.1.2 31.00 145.00 176.00 OK
r-patched-linux-x86_64 1.1.2 10.54 88.55 99.09 OK
r-patched-solaris-x86 1.1.2 188.40 NOTE
r-release-linux-x86_64 1.1.2 9.99 88.29 98.28 OK
r-release-windows-ix86+x86_64 1.1.2 23.00 103.00 126.00 OK
r-release-osx-x86_64 1.1.2 NOTE
r-oldrel-windows-ix86+x86_64 1.1.2 13.00 95.00 108.00 OK
r-oldrel-osx-x86_64 1.1.2 NOTE

Check Details

Version: 1.1.2
Check: data for non-ASCII characters
Result: NOTE
     Note: found 28 marked UTF-8 strings
Flavors: r-devel-linux-x86_64-fedora-clang, r-devel-linux-x86_64-fedora-gcc, r-patched-solaris-x86, r-release-osx-x86_64, r-oldrel-osx-x86_64