CRAN Package Check Results for Package MCI2

Last updated on 2019-06-26 13:52:06 CEST.

Flavor Version Tinstall Tcheck Ttotal Status Flags
r-devel-linux-x86_64-debian-clang 1.1.1 9.34 90.05 99.39 OK
r-devel-linux-x86_64-debian-gcc 1.1.1 9.48 72.65 82.13 OK
r-devel-linux-x86_64-fedora-clang 1.1.1 122.91 NOTE
r-devel-linux-x86_64-fedora-gcc 1.1.1 119.16 NOTE
r-devel-windows-ix86+x86_64 1.1.1 32.00 123.00 155.00 OK
r-patched-linux-x86_64 1.1.1 10.41 90.32 100.73 OK
r-patched-solaris-x86 1.1.1 205.50 NOTE
r-release-linux-x86_64 1.1.1 11.40 92.03 103.43 OK
r-release-windows-ix86+x86_64 1.1.1 22.00 151.00 173.00 OK
r-release-osx-x86_64 1.1.1 NOTE
r-oldrel-windows-ix86+x86_64 1.1.1 13.00 94.00 107.00 OK
r-oldrel-osx-x86_64 1.1.1 NOTE

Check Details

Version: 1.1.1
Check: data for non-ASCII characters
Result: NOTE
     Note: found 28 marked UTF-8 strings
Flavors: r-devel-linux-x86_64-fedora-clang, r-devel-linux-x86_64-fedora-gcc, r-patched-solaris-x86, r-release-osx-x86_64, r-oldrel-osx-x86_64