CRAN Package Check Results for Package MCMCglmm

Last updated on 2022-01-24 07:49:54 CET.

Flavor Version Tinstall Tcheck Ttotal Status Flags
r-devel-linux-x86_64-debian-clang 2.32 50.50 146.67 197.17 OK
r-devel-linux-x86_64-debian-gcc 2.32 38.99 111.39 150.38 OK
r-devel-linux-x86_64-fedora-clang 2.32 257.91 NOTE
r-devel-linux-x86_64-fedora-gcc 2.32 231.61 OK
r-devel-windows-x86_64-new-UL 2.32 172.00 258.00 430.00 OK
r-devel-windows-x86_64-new-TK 2.32 OK
r-patched-linux-x86_64 2.32 47.19 143.30 190.49 OK
r-release-linux-x86_64 2.32 45.16 142.24 187.40 OK
r-release-macos-arm64 2.32 OK
r-release-macos-x86_64 2.32 OK
r-release-windows-ix86+x86_64 2.32 150.00 204.00 354.00 NOTE
r-oldrel-macos-x86_64 2.32 OK
r-oldrel-windows-ix86+x86_64 2.32 152.00 205.00 357.00 NOTE

Check Details

Version: 2.32
Check: Rd cross-references
Result: NOTE
    Undeclared packages ‘MCMCpack’, ‘bayesm’, ‘msm’ in Rd xrefs
Flavor: r-devel-linux-x86_64-fedora-clang

Version: 2.32
Check: installed package size
Result: NOTE
     installed size is 5.9Mb
     sub-directories of 1Mb or more:
     doc 3.3Mb
     libs 2.1Mb
Flavors: r-release-windows-ix86+x86_64, r-oldrel-windows-ix86+x86_64