CRAN Package Check Results for Package MCMCpack

Last updated on 2021-01-26 23:48:06 CET.

Flavor Version Tinstall Tcheck Ttotal Status Flags
r-devel-linux-x86_64-debian-clang 1.5-0 538.03 131.73 669.76 OK
r-devel-linux-x86_64-debian-gcc 1.5-0 287.69 100.31 388.00 OK
r-devel-linux-x86_64-fedora-clang 1.5-0 956.76 NOTE
r-devel-linux-x86_64-fedora-gcc 1.5-0 693.50 OK
r-devel-windows-ix86+x86_64 1.5-0 772.00 233.00 1005.00 NOTE
r-patched-linux-x86_64 1.5-0 312.65 121.43 434.08 OK
r-patched-solaris-x86 1.5-0 1074.30 NOTE
r-release-linux-x86_64 1.5-0 345.82 121.38 467.20 OK
r-release-macos-x86_64 1.5-0 NOTE
r-release-windows-ix86+x86_64 1.5-0 781.00 224.00 1005.00 NOTE
r-oldrel-macos-x86_64 1.5-0 NOTE
r-oldrel-windows-ix86+x86_64 1.5-0 594.00 194.00 788.00 NOTE

Check Details

Version: 1.5-0
Check: installed package size
Result: NOTE
     installed size is 48.1Mb
     sub-directories of 1Mb or more:
     libs 47.0Mb
Flavors: r-devel-linux-x86_64-fedora-clang, r-devel-windows-ix86+x86_64, r-patched-solaris-x86, r-release-macos-x86_64, r-release-windows-ix86+x86_64, r-oldrel-macos-x86_64, r-oldrel-windows-ix86+x86_64