Last updated on 2023-09-27 23:37:38 CEST.
Flavor | Version | Tinstall | Tcheck | Ttotal | Status | Flags |
---|---|---|---|---|---|---|
r-devel-linux-x86_64-debian-clang | 1.6-3 | 785.90 | 166.28 | 952.18 | NOTE | |
r-devel-linux-x86_64-debian-gcc | 1.6-3 | 347.18 | 120.60 | 467.78 | NOTE | |
r-devel-linux-x86_64-fedora-clang | 1.6-3 | 1126.54 | NOTE | |||
r-devel-linux-x86_64-fedora-gcc | 1.6-3 | 913.76 | NOTE | |||
r-devel-windows-x86_64 | 1.6-3 | 290.00 | 165.00 | 455.00 | WARN | |
r-patched-linux-x86_64 | 1.6-3 | 425.96 | 158.40 | 584.36 | WARN | |
r-release-linux-x86_64 | 1.6-3 | 424.20 | 158.99 | 583.19 | WARN | |
r-release-macos-arm64 | 1.6-3 | 255.00 | NOTE | |||
r-release-macos-x86_64 | 1.6-3 | 479.00 | NOTE | |||
r-release-windows-x86_64 | 1.6-3 | 379.00 | 215.00 | 594.00 | WARN | |
r-oldrel-macos-arm64 | 1.6-3 | 267.00 | NOTE | |||
r-oldrel-macos-x86_64 | 1.6-3 | 282.00 | NOTE | |||
r-oldrel-windows-x86_64 | 1.6-3 | 346.00 | 222.00 | 568.00 | OK |
Version: 1.6-3
Check: C++ specification
Result: NOTE
Specified C++11: please drop specification unless essential
Flavors: r-devel-linux-x86_64-debian-clang, r-devel-linux-x86_64-debian-gcc, r-devel-linux-x86_64-fedora-clang, r-devel-linux-x86_64-fedora-gcc, r-devel-windows-x86_64, r-patched-linux-x86_64, r-release-linux-x86_64, r-release-macos-arm64, r-release-macos-x86_64, r-release-windows-x86_64
Version: 1.6-3
Check: installed package size
Result: NOTE
installed size is 6.9Mb
sub-directories of 1Mb or more:
libs 5.8Mb
Flavors: r-devel-linux-x86_64-fedora-clang, r-release-macos-arm64, r-release-macos-x86_64, r-oldrel-macos-arm64, r-oldrel-macos-x86_64
Version: 1.6-3
Check: whether package can be installed
Result: WARN
Found the following significant warnings:
datablock.h:124:42: warning: pointer used after 'void operator delete(void*)' [-Wuse-after-free]
See 'd:/Rcompile/CRANpkg/local/4.4/MCMCpack.Rcheck/00install.out' for details.
* used C compiler: 'gcc.exe (GCC) 12.2.0'
* used C++ compiler: 'g++.exe (GCC) 12.2.0'
Flavor: r-devel-windows-x86_64
Version: 1.6-3
Check: whether package can be installed
Result: WARN
Found the following significant warnings:
datablock.h:124:42: warning: pointer used after ‘void operator delete(void*)’ [-Wuse-after-free]
See ‘/home/hornik/tmp/R.check/r-patched-gcc/Work/PKGS/MCMCpack.Rcheck/00install.out’ for details.
* used C compiler: ‘gcc-12 (Debian 12.3.0-9) 12.3.0’
* used C++ compiler: ‘g++-12 (Debian 12.3.0-9) 12.3.0’
Flavor: r-patched-linux-x86_64
Version: 1.6-3
Check: whether package can be installed
Result: WARN
Found the following significant warnings:
datablock.h:124:42: warning: pointer used after ‘void operator delete(void*)’ [-Wuse-after-free]
See ‘/home/hornik/tmp/R.check/r-release-gcc/Work/PKGS/MCMCpack.Rcheck/00install.out’ for details.
* used C compiler: ‘gcc-12 (Debian 12.3.0-9) 12.3.0’
* used C++ compiler: ‘g++-12 (Debian 12.3.0-9) 12.3.0’
Flavor: r-release-linux-x86_64
Version: 1.6-3
Check: whether package can be installed
Result: WARN
Found the following significant warnings:
datablock.h:124:42: warning: pointer used after 'void operator delete(void*)' [-Wuse-after-free]
See 'd:/Rcompile/CRANpkg/local/4.3/MCMCpack.Rcheck/00install.out' for details.
* used C compiler: 'gcc.exe (GCC) 12.2.0'
* used C++ compiler: 'g++.exe (GCC) 12.2.0'
Flavor: r-release-windows-x86_64