Last updated on 2022-08-10 00:50:35 CEST.
Flavor | Version | Tinstall | Tcheck | Ttotal | Status | Flags |
---|---|---|---|---|---|---|
r-devel-linux-x86_64-debian-clang | 0.4.0 | 105.97 | 78.90 | 184.87 | NOTE | |
r-devel-linux-x86_64-debian-gcc | 0.4.0 | 85.86 | 60.98 | 146.84 | NOTE | |
r-devel-linux-x86_64-fedora-clang | 0.4.0 | 263.77 | NOTE | |||
r-devel-linux-x86_64-fedora-gcc | 0.4.0 | 240.26 | NOTE | |||
r-devel-windows-x86_64 | 0.4.0 | 80.00 | 125.00 | 205.00 | NOTE | |
r-patched-linux-x86_64 | 0.4.0 | 80.98 | 76.94 | 157.92 | NOTE | |
r-release-linux-x86_64 | 0.4.0 | NOTE | ||||
r-release-macos-arm64 | 0.4.0 | 63.00 | NOTE | |||
r-release-macos-x86_64 | 0.4.0 | 84.00 | NOTE | |||
r-release-windows-x86_64 | 0.4.0 | 94.00 | 127.00 | 221.00 | NOTE | |
r-oldrel-macos-arm64 | 0.4.0 | 69.00 | NOTE | |||
r-oldrel-macos-x86_64 | 0.4.0 | 125.00 | NOTE | |||
r-oldrel-windows-ix86+x86_64 | 0.4.0 | 227.00 | 141.00 | 368.00 | NOTE |
Version: 0.4.0
Check: LazyData
Result: NOTE
'LazyData' is specified without a 'data' directory
Flavors: r-devel-linux-x86_64-debian-clang, r-devel-linux-x86_64-debian-gcc, r-devel-linux-x86_64-fedora-clang, r-devel-linux-x86_64-fedora-gcc, r-devel-windows-x86_64, r-patched-linux-x86_64, r-release-linux-x86_64, r-release-macos-arm64, r-release-macos-x86_64, r-release-windows-x86_64, r-oldrel-macos-arm64, r-oldrel-macos-x86_64, r-oldrel-windows-ix86+x86_64
Version: 0.4.0
Check: installed package size
Result: NOTE
installed size is 14.3Mb
sub-directories of 1Mb or more:
libs 13.7Mb
Flavors: r-devel-linux-x86_64-fedora-clang, r-release-macos-arm64, r-release-macos-x86_64, r-oldrel-macos-arm64, r-oldrel-macos-x86_64
Version: 0.4.0
Check: Rd cross-references
Result: NOTE
Undeclared package ‘coda’ in Rd xrefs
Flavor: r-devel-linux-x86_64-fedora-clang