CRAN Package Check Results for Package MCMCprecision

Last updated on 2019-05-20 18:54:10 CEST.

Flavor Version Tinstall Tcheck Ttotal Status Flags
r-devel-linux-x86_64-debian-clang 0.3.9 87.41 61.98 149.39 NOTE
r-devel-linux-x86_64-debian-gcc 0.3.9 68.03 50.36 118.39 NOTE
r-devel-linux-x86_64-fedora-clang 0.3.9 210.51 NOTE
r-devel-linux-x86_64-fedora-gcc 0.3.9 188.86 NOTE
r-devel-windows-ix86+x86_64 0.3.9 207.00 143.00 350.00 NOTE
r-patched-linux-x86_64 0.3.9 75.45 61.82 137.27 NOTE
r-patched-solaris-x86 0.3.9 213.90 NOTE
r-release-linux-x86_64 0.3.9 76.78 62.63 139.41 NOTE
r-release-windows-ix86+x86_64 0.3.9 206.00 141.00 347.00 NOTE
r-release-osx-x86_64 0.3.9 NOTE
r-oldrel-windows-ix86+x86_64 0.3.9 147.00 95.00 242.00 OK
r-oldrel-osx-x86_64 0.3.9 NOTE

Check Details

Version: 0.3.9
Check: line endings in C/C++/Fortran sources/headers
Result: NOTE
    Found the following sources/headers with CR or CRLF line endings:
     inst/include/MCMCprecision.h
    Some Unix compilers require LF line endings.
Flavors: r-devel-linux-x86_64-debian-clang, r-devel-linux-x86_64-debian-gcc, r-devel-linux-x86_64-fedora-clang, r-devel-linux-x86_64-fedora-gcc, r-devel-windows-ix86+x86_64, r-patched-linux-x86_64, r-patched-solaris-x86, r-release-linux-x86_64, r-release-windows-ix86+x86_64, r-release-osx-x86_64

Version: 0.3.9
Check: installed package size
Result: NOTE
     installed size is 15.4Mb
     sub-directories of 1Mb or more:
     libs 14.9Mb
Flavors: r-devel-linux-x86_64-fedora-clang, r-release-osx-x86_64, r-oldrel-osx-x86_64