CRAN Package Check Results for Package MCMCvis

Last updated on 2022-08-11 03:52:11 CEST.

Flavor Version Tinstall Tcheck Ttotal Status Flags
r-devel-linux-x86_64-debian-clang 0.15.5 7.93 69.09 77.02 NOTE
r-devel-linux-x86_64-debian-gcc 0.15.5 5.90 52.68 58.58 NOTE
r-devel-linux-x86_64-fedora-clang 0.15.5 99.90 NOTE
r-devel-linux-x86_64-fedora-gcc 0.15.5 97.41 NOTE
r-devel-windows-x86_64 0.15.5 14.00 97.00 111.00 NOTE
r-patched-linux-x86_64 0.15.5 6.37 64.30 70.67 OK
r-release-linux-x86_64 0.15.5 OK
r-release-macos-arm64 0.15.5 32.00 OK
r-release-macos-x86_64 0.15.5 60.00 OK
r-release-windows-x86_64 0.15.5 20.00 100.00 120.00 OK
r-oldrel-macos-arm64 0.15.5 32.00 OK
r-oldrel-macos-x86_64 0.15.5 42.00 OK
r-oldrel-windows-ix86+x86_64 0.15.5 13.00 90.00 103.00 OK

Check Details

Version: 0.15.5
Check: package subdirectories
Result: NOTE
    Problems with news in 'NEWS.md':
    No news entries found.
Flavors: r-devel-linux-x86_64-debian-clang, r-devel-linux-x86_64-debian-gcc, r-devel-linux-x86_64-fedora-clang, r-devel-linux-x86_64-fedora-gcc, r-devel-windows-x86_64