CRAN Package Check Results for Package MCMCvis

Last updated on 2025-01-18 13:54:14 CET.

Flavor Version Tinstall Tcheck Ttotal Status Flags
r-devel-linux-x86_64-debian-clang 0.16.3 6.57 71.40 77.97 OK
r-devel-linux-x86_64-debian-gcc 0.16.3 3.78 52.63 56.41 OK
r-devel-linux-x86_64-fedora-clang 0.16.3 128.03 OK
r-devel-linux-x86_64-fedora-gcc 0.16.3 133.47 OK
r-devel-windows-x86_64 0.16.3 7.00 81.00 88.00 OK
r-patched-linux-x86_64 0.16.3 4.30 68.52 72.82 NOTE
r-release-linux-x86_64 0.16.3 5.30 69.09 74.39 NOTE
r-release-macos-arm64 0.16.3 42.00 NOTE
r-release-macos-x86_64 0.16.3 94.00 NOTE
r-release-windows-x86_64 0.16.3 7.00 79.00 86.00 NOTE
r-oldrel-macos-arm64 0.16.3 37.00 NOTE
r-oldrel-macos-x86_64 0.16.3 75.00 NOTE
r-oldrel-windows-x86_64 0.16.3 9.00 93.00 102.00 NOTE

Check Details

Version: 0.16.3
Check: package dependencies
Result: NOTE Package suggested but not available for checking: ‘cmdstanr’ Flavors: r-patched-linux-x86_64, r-release-linux-x86_64, r-release-macos-arm64, r-release-macos-x86_64, r-release-windows-x86_64, r-oldrel-macos-arm64, r-oldrel-macos-x86_64, r-oldrel-windows-x86_64