CRAN Package Check Results for Package MCMCvis

Last updated on 2021-09-17 08:50:24 CEST.

Flavor Version Tinstall Tcheck Ttotal Status Flags
r-devel-linux-x86_64-debian-clang 0.15.3 7.65 66.23 73.88 OK
r-devel-linux-x86_64-debian-gcc 0.15.3 5.65 49.59 55.24 OK
r-devel-linux-x86_64-fedora-clang 0.15.3 93.94 NOTE
r-devel-linux-x86_64-fedora-gcc 0.15.3 83.95 NOTE
r-devel-windows-x86_64 0.15.3 9.00 80.00 89.00 OK
r-devel-windows-x86_64-gcc10-UCRT 0.15.3 NOTE
r-patched-linux-x86_64 0.15.3 6.50 61.27 67.77 OK
r-patched-solaris-x86 0.15.3 105.10 NOTE
r-release-linux-x86_64 0.15.3 5.40 60.44 65.84 OK
r-release-macos-arm64 0.15.3 NOTE
r-release-macos-x86_64 0.15.3 NOTE
r-release-windows-ix86+x86_64 0.15.3 13.00 80.00 93.00 OK
r-oldrel-macos-x86_64 0.15.3 NOTE
r-oldrel-windows-ix86+x86_64 0.15.3 9.00 81.00 90.00 OK

Check Details

Version: 0.15.3
Check: dependencies in R code
Result: NOTE
    Namespace in Imports field not imported from: ‘rlang’
     All declared Imports should be used.
Flavors: r-devel-linux-x86_64-fedora-clang, r-devel-linux-x86_64-fedora-gcc, r-devel-windows-x86_64-gcc10-UCRT, r-patched-solaris-x86, r-release-macos-arm64, r-release-macos-x86_64, r-oldrel-macos-x86_64