CRAN Package Check Results for Package MCPModGeneral

Last updated on 2021-12-07 11:52:04 CET.

Flavor Version Tinstall Tcheck Ttotal Status Flags
r-devel-linux-x86_64-debian-clang 0.1-1 4.12 70.13 74.25 NOTE
r-devel-linux-x86_64-debian-gcc 0.1-1 3.06 54.67 57.73 NOTE
r-devel-linux-x86_64-fedora-clang 0.1-1 94.54 NOTE
r-devel-linux-x86_64-fedora-gcc 0.1-1 81.56 NOTE
r-devel-windows-x86_64-new-UL 0.1-1 12.00 136.00 148.00 NOTE
r-devel-windows-x86_64-new-TK 0.1-1 NOTE
r-devel-windows-x86_64-old 0.1-1 7.00 106.00 113.00 NOTE
r-patched-linux-x86_64 0.1-1 3.99 68.66 72.65 NOTE
r-release-linux-x86_64 0.1-1 3.33 67.70 71.03 NOTE
r-release-macos-arm64 0.1-1 NOTE
r-release-macos-x86_64 0.1-1 NOTE
r-release-windows-ix86+x86_64 0.1-1 6.00 100.00 106.00 NOTE
r-oldrel-macos-x86_64 0.1-1 OK
r-oldrel-windows-ix86+x86_64 0.1-1 9.00 99.00 108.00 OK

Check Details

Version: 0.1-1
Check: LazyData
Result: NOTE
     'LazyData' is specified without a 'data' directory
Flavors: r-devel-linux-x86_64-debian-clang, r-devel-linux-x86_64-debian-gcc, r-devel-linux-x86_64-fedora-clang, r-devel-linux-x86_64-fedora-gcc, r-devel-windows-x86_64-new-UL, r-devel-windows-x86_64-new-TK, r-devel-windows-x86_64-old, r-patched-linux-x86_64, r-release-linux-x86_64, r-release-macos-arm64, r-release-macos-x86_64, r-release-windows-ix86+x86_64