Last updated on 2025-01-23 01:50:50 CET.
Flavor | Version | Tinstall | Tcheck | Ttotal | Status | Flags |
---|---|---|---|---|---|---|
r-devel-linux-x86_64-debian-clang | 0.5 | 33.80 | 58.91 | 92.71 | OK | |
r-devel-linux-x86_64-debian-gcc | 0.5 | 27.59 | 45.72 | 73.31 | OK | |
r-devel-linux-x86_64-fedora-clang | 0.5 | 157.62 | OK | |||
r-devel-linux-x86_64-fedora-gcc | 0.5 | 165.38 | OK | |||
r-devel-windows-x86_64 | 0.5 | 36.00 | 96.00 | 132.00 | OK | |
r-patched-linux-x86_64 | 0.5 | 37.12 | 57.35 | 94.47 | OK | |
r-release-linux-x86_64 | 0.5 | 36.46 | 57.04 | 93.50 | OK | |
r-release-macos-arm64 | 0.5 | 45.00 | NOTE | |||
r-release-macos-x86_64 | 0.5 | 67.00 | NOTE | |||
r-release-windows-x86_64 | 0.5 | 36.00 | 94.00 | 130.00 | OK | |
r-oldrel-macos-arm64 | 0.5 | 50.00 | NOTE | |||
r-oldrel-macos-x86_64 | 0.5 | 100.00 | NOTE | |||
r-oldrel-windows-x86_64 | 0.5 | 45.00 | 110.00 | 155.00 | OK |
Version: 0.5
Check: installed package size
Result: NOTE
installed size is 5.9Mb
sub-directories of 1Mb or more:
libs 5.4Mb
Flavors: r-release-macos-arm64, r-release-macos-x86_64, r-oldrel-macos-arm64, r-oldrel-macos-x86_64