CRAN Package Check Results for Package MCPModPack

Last updated on 2020-09-22 06:47:32 CEST.

Flavor Version Tinstall Tcheck Ttotal Status Flags
r-devel-linux-x86_64-debian-clang 0.3 41.20 67.26 108.46 OK
r-devel-linux-x86_64-debian-gcc 0.3 0.32 2.00 2.32 ERROR
r-devel-linux-x86_64-fedora-clang 0.3 146.79 NOTE
r-devel-linux-x86_64-fedora-gcc 0.3 141.37 OK
r-devel-windows-ix86+x86_64 0.3 104.00 132.00 236.00 OK
r-patched-linux-x86_64 0.3 41.17 62.44 103.61 OK
r-patched-solaris-x86 0.3 154.90 OK
r-release-linux-x86_64 0.3 42.83 61.78 104.61 OK
r-release-macos-x86_64 0.3 NOTE
r-release-windows-ix86+x86_64 0.3 99.00 128.00 227.00 OK
r-oldrel-macos-x86_64 0.3 NOTE
r-oldrel-windows-ix86+x86_64 0.3 69.00 114.00 183.00 OK

Check Details

Version: 0.3
Check: whether package can be installed
Result: ERROR
    Installation failed.
Flavor: r-devel-linux-x86_64-debian-gcc

Version: 0.3
Check: installed package size
Result: NOTE
     installed size is 5.9Mb
     sub-directories of 1Mb or more:
     libs 5.4Mb
Flavors: r-devel-linux-x86_64-fedora-clang, r-release-macos-x86_64, r-oldrel-macos-x86_64