CRAN Package Check Results for Package MDBED

Last updated on 2020-11-27 00:48:54 CET.

Flavor Version Tinstall Tcheck Ttotal Status Flags
r-devel-linux-x86_64-debian-clang 1.0.0 5.55 49.37 54.92 OK
r-devel-linux-x86_64-debian-gcc 1.0.0 4.49 38.03 42.52 OK
r-devel-linux-x86_64-fedora-clang 1.0.0 73.93 NOTE
r-devel-linux-x86_64-fedora-gcc 1.0.0 63.83 NOTE
r-devel-windows-ix86+x86_64 1.0.0 12.00 65.00 77.00 OK
r-patched-linux-x86_64 1.0.0 6.01 48.25 54.26 OK
r-patched-solaris-x86 1.0.0 89.20 NOTE
r-release-linux-x86_64 1.0.0 6.20 47.51 53.71 OK
r-release-macos-x86_64 1.0.0 NOTE
r-release-windows-ix86+x86_64 1.0.0 15.00 89.00 104.00 OK
r-oldrel-macos-x86_64 1.0.0 NOTE
r-oldrel-windows-ix86+x86_64 1.0.0 7.00 71.00 78.00 OK

Check Details

Version: 1.0.0
Check: dependencies in R code
Result: NOTE
    Namespace in Imports field not imported from: ‘psych’
     All declared Imports should be used.
Flavors: r-devel-linux-x86_64-fedora-clang, r-devel-linux-x86_64-fedora-gcc, r-patched-solaris-x86, r-release-macos-x86_64, r-oldrel-macos-x86_64