CRAN Package Check Results for Package MDplot

Last updated on 2021-11-30 13:52:03 CET.

Flavor Version Tinstall Tcheck Ttotal Status Flags
r-devel-linux-x86_64-debian-clang 1.0.1 7.27 67.08 74.35 OK
r-devel-linux-x86_64-debian-gcc 1.0.1 5.81 50.04 55.85 OK
r-devel-linux-x86_64-fedora-clang 1.0.1 107.60 NOTE
r-devel-linux-x86_64-fedora-gcc 1.0.1 93.06 OK
r-devel-windows-x86_64-new-UL 1.0.1 18.00 111.00 129.00 NOTE
r-devel-windows-x86_64-new-TK 1.0.1 OK
r-devel-windows-x86_64-old 1.0.1 11.00 64.00 75.00 NOTE
r-patched-linux-x86_64 1.0.1 9.39 67.01 76.40 OK
r-patched-solaris-x86 1.0.1 120.20 NOTE
r-release-linux-x86_64 1.0.1 7.43 67.29 74.72 OK
r-release-macos-arm64 1.0.1 NOTE
r-release-macos-x86_64 1.0.1 NOTE
r-release-windows-ix86+x86_64 1.0.1 12.00 66.00 78.00 NOTE
r-oldrel-macos-x86_64 1.0.1 NOTE
r-oldrel-windows-ix86+x86_64 1.0.1 10.00 61.00 71.00 NOTE

Check Details

Version: 1.0.1
Check: installed package size
Result: NOTE
     installed size is 7.6Mb
     sub-directories of 1Mb or more:
     doc 1.9Mb
     extdata 5.3Mb
Flavors: r-devel-linux-x86_64-fedora-clang, r-devel-windows-x86_64-new-UL, r-devel-windows-x86_64-old, r-patched-solaris-x86, r-release-macos-arm64, r-release-macos-x86_64, r-release-windows-ix86+x86_64, r-oldrel-macos-x86_64, r-oldrel-windows-ix86+x86_64