CRAN Package Check Results for Package MEPDF

Last updated on 2023-01-27 11:49:32 CET.

Flavor Version Tinstall Tcheck Ttotal Status Flags
r-devel-linux-x86_64-debian-clang 3.0 3.15 31.19 34.34 NOTE
r-devel-linux-x86_64-debian-gcc 3.0 2.52 23.84 26.36 NOTE
r-devel-linux-x86_64-fedora-clang 3.0 43.03 NOTE
r-devel-linux-x86_64-fedora-gcc 3.0 50.69 NOTE
r-devel-windows-x86_64 3.0 8.00 56.00 64.00 NOTE
r-patched-linux-x86_64 3.0 3.34 31.08 34.42 NOTE
r-release-linux-x86_64 3.0 2.47 30.54 33.01 NOTE
r-release-macos-arm64 3.0 16.00 NOTE
r-release-macos-x86_64 3.0 25.00 NOTE
r-release-windows-x86_64 3.0 9.00 59.00 68.00 NOTE
r-oldrel-macos-arm64 3.0 19.00 NOTE
r-oldrel-macos-x86_64 3.0 32.00 NOTE
r-oldrel-windows-ix86+x86_64 3.0 8.00 57.00 65.00 NOTE

Check Details

Version: 3.0
Check: LazyData
Result: NOTE
     'LazyData' is specified without a 'data' directory
Flavors: r-devel-linux-x86_64-debian-clang, r-devel-linux-x86_64-debian-gcc, r-devel-linux-x86_64-fedora-clang, r-devel-linux-x86_64-fedora-gcc, r-devel-windows-x86_64, r-patched-linux-x86_64, r-release-linux-x86_64, r-release-macos-arm64, r-release-macos-x86_64, r-release-windows-x86_64, r-oldrel-macos-arm64, r-oldrel-macos-x86_64, r-oldrel-windows-ix86+x86_64