CRAN Package Check Results for Package MEPDF

Last updated on 2022-01-18 07:52:30 CET.

Flavor Version Tinstall Tcheck Ttotal Status Flags
r-devel-linux-x86_64-debian-clang 3.0 2.55 38.16 40.71 NOTE
r-devel-linux-x86_64-debian-gcc 3.0 2.32 32.10 34.42 NOTE
r-devel-linux-x86_64-fedora-clang 3.0 50.20 NOTE
r-devel-linux-x86_64-fedora-gcc 3.0 39.94 NOTE
r-devel-windows-x86_64-new-UL 3.0 16.00 56.00 72.00 NOTE
r-devel-windows-x86_64-new-TK 3.0 NOTE
r-patched-linux-x86_64 3.0 2.78 36.30 39.08 NOTE
r-release-linux-x86_64 3.0 NOTE
r-release-macos-arm64 3.0 NOTE
r-release-macos-x86_64 3.0 NOTE
r-release-windows-ix86+x86_64 3.0 8.00 52.00 60.00 NOTE
r-oldrel-macos-x86_64 3.0 OK
r-oldrel-windows-ix86+x86_64 3.0 8.00 49.00 57.00 OK

Check Details

Version: 3.0
Check: LazyData
Result: NOTE
     'LazyData' is specified without a 'data' directory
Flavors: r-devel-linux-x86_64-debian-clang, r-devel-linux-x86_64-debian-gcc, r-devel-linux-x86_64-fedora-clang, r-devel-linux-x86_64-fedora-gcc, r-devel-windows-x86_64-new-UL, r-devel-windows-x86_64-new-TK, r-patched-linux-x86_64, r-release-linux-x86_64, r-release-macos-arm64, r-release-macos-x86_64, r-release-windows-ix86+x86_64