CRAN Package Check Results for Package MESS

Last updated on 2019-07-16 07:50:53 CEST.

Flavor Version Tinstall Tcheck Ttotal Status Flags
r-devel-linux-x86_64-debian-clang 0.5.5 147.81 80.73 228.54 NOTE
r-devel-linux-x86_64-debian-gcc 0.5.5 119.12 65.44 184.56 NOTE
r-devel-linux-x86_64-fedora-clang 0.5.5 343.49 NOTE
r-devel-linux-x86_64-fedora-gcc 0.5.5 334.77 NOTE
r-devel-windows-ix86+x86_64 0.5.5 386.00 212.00 598.00 NOTE
r-patched-linux-x86_64 0.5.5 147.90 81.60 229.50 OK
r-patched-solaris-x86 0.5.5 358.20 OK
r-release-linux-x86_64 0.5.5 139.08 81.01 220.09 OK
r-release-windows-ix86+x86_64 0.5.5 269.00 203.00 472.00 NOTE
r-release-osx-x86_64 0.5.5 NOTE
r-oldrel-windows-ix86+x86_64 0.5.5 380.00 160.00 540.00 NOTE
r-oldrel-osx-x86_64 0.5.5 NOTE

Check Details

Version: 0.5.5
Check: for non-standard things in the check directory
Result: NOTE
    Found the following files/directories:
     'mydata.xml' 'swarms.pdf'
Flavors: r-devel-linux-x86_64-debian-clang, r-devel-linux-x86_64-debian-gcc, r-devel-linux-x86_64-fedora-clang, r-devel-linux-x86_64-fedora-gcc

Version: 0.5.5
Check: installed package size
Result: NOTE
     installed size is 8.1Mb
     sub-directories of 1Mb or more:
     data 2.8Mb
     libs 4.9Mb
Flavors: r-devel-linux-x86_64-fedora-clang, r-devel-windows-ix86+x86_64, r-release-windows-ix86+x86_64, r-release-osx-x86_64, r-oldrel-windows-ix86+x86_64, r-oldrel-osx-x86_64