Last updated on 2022-05-29 12:55:19 CEST.
Flavor | Version | Tinstall | Tcheck | Ttotal | Status | Flags |
---|---|---|---|---|---|---|
r-devel-linux-x86_64-debian-clang | 0.5.7 | 236.32 | 155.42 | 391.74 | OK | |
r-devel-linux-x86_64-debian-gcc | 0.5.7 | 194.14 | 115.77 | 309.91 | OK | |
r-devel-linux-x86_64-fedora-clang | 0.5.7 | 576.53 | NOTE | |||
r-devel-linux-x86_64-fedora-gcc | 0.5.7 | 504.88 | OK | |||
r-devel-windows-x86_64 | 0.5.7 | 216.00 | 203.00 | 419.00 | OK | |
r-patched-linux-x86_64 | 0.5.7 | 206.02 | 146.32 | 352.34 | OK | |
r-release-linux-x86_64 | 0.5.7 | 207.45 | 147.75 | 355.20 | OK | |
r-release-macos-arm64 | 0.5.7 | 114.00 | NOTE | |||
r-release-macos-x86_64 | 0.5.7 | 199.00 | NOTE | |||
r-release-windows-x86_64 | 0.5.7 | 212.00 | 221.00 | 433.00 | OK | |
r-oldrel-macos-arm64 | 0.5.7 | 131.00 | NOTE | |||
r-oldrel-macos-x86_64 | 0.5.7 | 200.00 | NOTE | |||
r-oldrel-windows-ix86+x86_64 | 0.5.7 | 599.00 | 274.00 | 873.00 | NOTE |
Version: 0.5.7
Check: installed package size
Result: NOTE
installed size is 7.7Mb
sub-directories of 1Mb or more:
data 2.8Mb
libs 4.5Mb
Flavors: r-devel-linux-x86_64-fedora-clang, r-release-macos-arm64, r-release-macos-x86_64, r-oldrel-macos-arm64, r-oldrel-macos-x86_64, r-oldrel-windows-ix86+x86_64