CRAN Package Check Results for Package MESS

Last updated on 2019-10-15 18:48:56 CEST.

Flavor Version Tinstall Tcheck Ttotal Status Flags
r-devel-linux-x86_64-debian-clang 0.5.6 202.57 98.24 300.81 OK
r-devel-linux-x86_64-debian-gcc 0.5.6 145.02 76.06 221.08 OK
r-devel-linux-x86_64-fedora-clang 0.5.6 415.15 NOTE
r-devel-linux-x86_64-fedora-gcc 0.5.6 379.24 OK
r-devel-windows-ix86+x86_64 0.5.6 352.00 174.00 526.00 NOTE
r-patched-linux-x86_64 0.5.6 154.53 95.40 249.93 OK
r-patched-solaris-x86 0.5.6 375.90 OK
r-release-linux-x86_64 0.5.6 152.10 94.74 246.84 OK
r-release-windows-ix86+x86_64 0.5.6 452.00 236.00 688.00 NOTE
r-release-osx-x86_64 0.5.6 NOTE
r-oldrel-windows-ix86+x86_64 0.5.6 315.00 135.00 450.00 NOTE
r-oldrel-osx-x86_64 0.5.6 NOTE

Check Details

Version: 0.5.6
Check: installed package size
Result: NOTE
     installed size is 8.7Mb
     sub-directories of 1Mb or more:
     data 2.8Mb
     libs 5.5Mb
Flavors: r-devel-linux-x86_64-fedora-clang, r-devel-windows-ix86+x86_64, r-release-windows-ix86+x86_64, r-release-osx-x86_64, r-oldrel-windows-ix86+x86_64, r-oldrel-osx-x86_64