Last updated on 2023-03-25 21:52:58 CET.
Flavor | Version | Tinstall | Tcheck | Ttotal | Status | Flags |
---|---|---|---|---|---|---|
r-devel-linux-x86_64-debian-clang | 1.1 | 2.05 | 36.93 | 38.98 | NOTE | |
r-devel-linux-x86_64-debian-gcc | 1.1 | 1.61 | 28.53 | 30.14 | NOTE | |
r-devel-linux-x86_64-fedora-gcc | 1.1 | 50.69 | NOTE | |||
r-devel-windows-x86_64 | 1.1 | 11.00 | 65.00 | 76.00 | NOTE | |
r-patched-linux-x86_64 | 1.1 | 2.02 | 35.88 | 37.90 | NOTE | |
r-release-linux-x86_64 | 1.1 | 1.65 | 36.29 | 37.94 | NOTE | |
r-release-macos-arm64 | 1.1 | 17.00 | NOTE | |||
r-release-macos-x86_64 | 1.1 | 25.00 | NOTE | |||
r-release-windows-x86_64 | 1.1 | 11.00 | 65.00 | 76.00 | NOTE | |
r-oldrel-macos-arm64 | 1.1 | 22.00 | NOTE | |||
r-oldrel-macos-x86_64 | 1.1 | 32.00 | NOTE | |||
r-oldrel-windows-ix86+x86_64 | 1.1 | 6.00 | 67.00 | 73.00 | NOTE |
Version: 1.1
Check: LazyData
Result: NOTE
'LazyData' is specified without a 'data' directory
Flavors: r-devel-linux-x86_64-debian-clang, r-devel-linux-x86_64-debian-gcc, r-devel-linux-x86_64-fedora-gcc, r-devel-windows-x86_64, r-patched-linux-x86_64, r-release-linux-x86_64, r-release-macos-arm64, r-release-macos-x86_64, r-release-windows-x86_64, r-oldrel-macos-arm64, r-oldrel-macos-x86_64, r-oldrel-windows-ix86+x86_64