Last updated on 2023-03-27 22:52:20 CEST.
Flavor | Version | Tinstall | Tcheck | Ttotal | Status | Flags |
---|---|---|---|---|---|---|
r-devel-linux-x86_64-debian-clang | 1.6.0 | 73.36 | 347.27 | 420.63 | OK | |
r-devel-linux-x86_64-debian-gcc | 1.6.0 | 51.63 | 240.13 | 291.76 | OK | |
r-devel-linux-x86_64-fedora-clang | 1.6.0 | 533.24 | OK | |||
r-devel-linux-x86_64-fedora-gcc | 1.6.0 | 539.05 | OK | |||
r-devel-windows-x86_64 | 1.6.0 | 114.00 | 438.00 | 552.00 | OK | |
r-patched-linux-x86_64 | 1.6.0 | 57.90 | 329.61 | 387.51 | OK | |
r-release-linux-x86_64 | 1.6.0 | 53.23 | 339.43 | 392.66 | OK | |
r-release-macos-arm64 | 1.6.0 | 104.00 | OK | |||
r-release-macos-x86_64 | 1.6.0 | 144.00 | OK | |||
r-release-windows-x86_64 | 1.6.0 | 123.00 | 429.00 | 552.00 | OK | |
r-oldrel-macos-arm64 | 1.6.0 | 121.00 | OK | |||
r-oldrel-macos-x86_64 | 1.6.0 | 211.00 | OK | |||
r-oldrel-windows-ix86+x86_64 | 1.6.0 | 129.00 | 396.00 | 525.00 | NOTE |
Version: 1.6.0
Check: installed package size
Result: NOTE
installed size is 5.0Mb
sub-directories of 1Mb or more:
doc 2.2Mb
libs 2.1Mb
Flavor: r-oldrel-windows-ix86+x86_64