CRAN Package Check Results for Package MGLM

Last updated on 2019-06-25 17:49:56 CEST.

Flavor Version Tinstall Tcheck Ttotal Status Flags
r-devel-linux-x86_64-debian-clang 0.2.0 6.41 121.76 128.17 NOTE
r-devel-linux-x86_64-debian-gcc 0.2.0 5.84 87.21 93.05 NOTE
r-devel-linux-x86_64-fedora-clang 0.2.0 145.91 OK
r-devel-linux-x86_64-fedora-gcc 0.2.0 140.25 OK
r-devel-windows-ix86+x86_64 0.2.0 20.00 178.00 198.00 OK
r-patched-linux-x86_64 0.2.0 6.80 118.55 125.35 OK
r-patched-solaris-x86 0.2.0 190.80 OK
r-release-linux-x86_64 0.2.0 6.91 118.27 125.18 OK
r-release-windows-ix86+x86_64 0.2.0 12.00 176.00 188.00 OK
r-release-osx-x86_64 0.2.0 OK
r-oldrel-windows-ix86+x86_64 0.2.0 13.00 139.00 152.00 OK
r-oldrel-osx-x86_64 0.2.0 OK

Check Details

Version: 0.2.0
Check: package vignettes
Result: NOTE
    Package vignette with placeholder title 'Vignette Title':
     'mglm_vignette.rmd'
Flavors: r-devel-linux-x86_64-debian-clang, r-devel-linux-x86_64-debian-gcc