CRAN Package Check Results for Package MGMS2

Last updated on 2024-04-12 18:57:19 CEST.

Flavor Version Tinstall Tcheck Ttotal Status Flags
r-devel-linux-x86_64-debian-clang 1.0.2 4.36 61.56 65.92 NOTE
r-devel-linux-x86_64-debian-gcc 1.0.2 3.89 46.46 50.35 NOTE
r-devel-linux-x86_64-fedora-clang 1.0.2 82.08 NOTE
r-devel-linux-x86_64-fedora-gcc 1.0.2 78.16 NOTE
r-devel-windows-x86_64 1.0.2 6.00 71.00 77.00 NOTE
r-patched-linux-x86_64 1.0.2 5.37 60.15 65.52 NOTE
r-release-linux-x86_64 1.0.2 4.91 59.39 64.30 NOTE
r-release-macos-arm64 1.0.2 33.00 NOTE
r-release-macos-x86_64 1.0.2 49.00 NOTE
r-release-windows-x86_64 1.0.2 6.00 78.00 84.00 NOTE
r-oldrel-macos-arm64 1.0.2 30.00 NOTE
r-oldrel-windows-x86_64 1.0.2 6.00 87.00 93.00 NOTE

Check Details

Version: 1.0.2
Check: LazyData
Result: NOTE 'LazyData' is specified without a 'data' directory Flavors: r-devel-linux-x86_64-debian-clang, r-devel-linux-x86_64-debian-gcc, r-devel-linux-x86_64-fedora-clang, r-devel-linux-x86_64-fedora-gcc, r-devel-windows-x86_64, r-patched-linux-x86_64, r-release-linux-x86_64, r-release-macos-arm64, r-release-macos-x86_64, r-release-windows-x86_64, r-oldrel-macos-arm64, r-oldrel-windows-x86_64