Last updated on 2023-12-07 19:58:34 CET.
Flavor | Version | Tinstall | Tcheck | Ttotal | Status | Flags |
---|---|---|---|---|---|---|
r-devel-linux-x86_64-debian-clang | 0.1.1 | 27.70 | 80.13 | 107.83 | NOTE | |
r-devel-linux-x86_64-debian-gcc | 0.1.1 | 15.80 | 61.25 | 77.05 | NOTE | |
r-devel-linux-x86_64-fedora-clang | 0.1.1 | 139.80 | NOTE | |||
r-devel-linux-x86_64-fedora-gcc | 0.1.1 | 135.73 | NOTE | |||
r-devel-windows-x86_64 | 0.1.1 | 24.00 | 90.00 | 114.00 | NOTE | |
r-patched-linux-x86_64 | 0.1.1 | 20.86 | 78.91 | 99.77 | OK | |
r-release-linux-x86_64 | 0.1.1 | 17.32 | 78.41 | 95.73 | OK | |
r-release-macos-arm64 | 0.1.1 | 43.00 | OK | |||
r-release-macos-x86_64 | 0.1.1 | 93.00 | OK | |||
r-release-windows-x86_64 | 0.1.1 | 31.00 | 109.00 | 140.00 | OK | |
r-oldrel-macos-arm64 | 0.1.1 | 36.00 | OK | |||
r-oldrel-macos-x86_64 | 0.1.1 | 55.00 | OK | |||
r-oldrel-windows-x86_64 | 0.1.1 | 26.00 | 106.00 | 132.00 | OK |
Version: 0.1.1
Check: Rd metadata
Result: NOTE
Invalid package aliases in Rd file 'Rpackage-package.Rd':
‘Rpackage-package’
Flavors: r-devel-linux-x86_64-debian-clang, r-devel-linux-x86_64-debian-gcc, r-devel-linux-x86_64-fedora-clang, r-devel-linux-x86_64-fedora-gcc, r-devel-windows-x86_64
Version: 0.1.1
Check: Rd contents
Result: NOTE
Auto-generated content requiring editing in Rd file 'Rpackage-package.Rd':
\references: ‘This optional section can contain literature or other refere...’
\seealso: ‘Optional links to other man pages’
\examples: ‘\dontrun{ ## Optional simple examples of the most impor...’
Flavors: r-devel-linux-x86_64-debian-clang, r-devel-linux-x86_64-debian-gcc, r-devel-linux-x86_64-fedora-clang, r-devel-linux-x86_64-fedora-gcc, r-devel-windows-x86_64