CRAN Package Check Results for Package MHMM

Last updated on 2020-08-05 06:47:28 CEST.

Flavor Version Tinstall Tcheck Ttotal Status Flags
r-devel-linux-x86_64-debian-clang 1.0.0 69.89 56.46 126.35 OK
r-devel-linux-x86_64-debian-gcc 1.0.0 56.74 41.76 98.50 OK
r-devel-linux-x86_64-fedora-clang 1.0.0 178.83 NOTE
r-devel-linux-x86_64-fedora-gcc 1.0.0 163.81 OK
r-devel-windows-ix86+x86_64 1.0.0 196.00 120.00 316.00 OK
r-patched-linux-x86_64 1.0.0 58.86 53.57 112.43 OK
r-patched-solaris-x86 1.0.0 172.10 OK
r-release-linux-x86_64 1.0.0 64.10 53.49 117.59 OK
r-release-macos-x86_64 1.0.0 NOTE
r-release-windows-ix86+x86_64 1.0.0 189.00 128.00 317.00 OK
r-oldrel-macos-x86_64 1.0.0 NOTE
r-oldrel-windows-ix86+x86_64 1.0.0 133.00 96.00 229.00 OK

Additional issues

clang-UBSAN

Check Details

Version: 1.0.0
Check: installed package size
Result: NOTE
     installed size is 5.4Mb
     sub-directories of 1Mb or more:
     libs 5.2Mb
Flavors: r-devel-linux-x86_64-fedora-clang, r-release-macos-x86_64, r-oldrel-macos-x86_64