CRAN Package Check Results for Package MHMM

Last updated on 2022-08-13 10:50:33 CEST.

Flavor Version Tinstall Tcheck Ttotal Status Flags
r-devel-linux-x86_64-debian-clang 1.0.0 67.47 74.61 142.08 OK
r-devel-linux-x86_64-debian-gcc 1.0.0 59.77 54.25 114.02 OK
r-devel-linux-x86_64-fedora-clang 1.0.0 208.89 OK
r-devel-linux-x86_64-fedora-gcc 1.0.0 191.09 OK
r-devel-windows-x86_64 1.0.0 60.00 120.00 180.00 OK
r-patched-linux-x86_64 1.0.0 59.17 69.91 129.08 OK
r-release-linux-x86_64 1.0.0 55.81 69.99 125.80 OK
r-release-macos-arm64 1.0.0 52.00 OK
r-release-macos-x86_64 1.0.0 91.00 OK
r-release-windows-x86_64 1.0.0 57.00 121.00 178.00 OK
r-oldrel-macos-arm64 1.0.0 57.00 NOTE
r-oldrel-macos-x86_64 1.0.0 74.00 OK
r-oldrel-windows-ix86+x86_64 1.0.0 175.00 146.00 321.00 OK

Additional issues

clang-UBSAN

Check Details

Version: 1.0.0
Check: installed package size
Result: NOTE
     installed size is 5.5Mb
     sub-directories of 1Mb or more:
     libs 5.4Mb
Flavor: r-oldrel-macos-arm64