CRAN Package Check Results for Package MIICD

Last updated on 2020-10-23 01:48:58 CEST.

Flavor Version Tinstall Tcheck Ttotal Status Flags
r-devel-linux-x86_64-debian-clang 2.4 9.11 69.99 79.10 OK
r-devel-linux-x86_64-debian-gcc 2.4 7.79 53.33 61.12 OK
r-devel-linux-x86_64-fedora-clang 2.4 100.73 NOTE
r-devel-linux-x86_64-fedora-gcc 2.4 96.16 OK
r-devel-windows-ix86+x86_64 2.4 19.00 73.00 92.00 OK
r-patched-linux-x86_64 2.4 9.29 64.57 73.86 OK
r-patched-solaris-x86 2.4 133.20 OK
r-release-linux-x86_64 2.4 9.84 63.84 73.68 OK
r-release-macos-x86_64 2.4 OK
r-release-windows-ix86+x86_64 2.4 13.00 85.00 98.00 OK
r-oldrel-macos-x86_64 2.4 OK
r-oldrel-windows-ix86+x86_64 2.4 16.00 62.00 78.00 OK

Check Details

Version: 2.4
Check: Rd cross-references
Result: NOTE
    Undeclared package ‘riskRegression’ in Rd xrefs
Flavor: r-devel-linux-x86_64-fedora-clang