CRAN Package Check Results for Package MIICD

Last updated on 2019-03-24 04:47:03 CET.

Flavor Version Tinstall Tcheck Ttotal Status Flags
r-devel-linux-x86_64-debian-clang 2.4 7.50 59.62 67.12 OK
r-devel-linux-x86_64-debian-gcc 2.4 6.20 47.06 53.26 OK
r-devel-linux-x86_64-fedora-clang 2.4 80.63 OK
r-devel-linux-x86_64-fedora-gcc 2.4 77.25 OK
r-devel-windows-ix86+x86_64 2.4 21.00 67.00 88.00 OK
r-patched-linux-x86_64 2.4 5.81 57.56 63.37 OK
r-patched-solaris-x86 2.4 114.80 OK
r-release-linux-x86_64 2.4 0.33 2.07 2.40 ERROR
r-release-windows-ix86+x86_64 2.4 10.00 72.00 82.00 OK
r-release-osx-x86_64 2.4 OK
r-oldrel-windows-ix86+x86_64 2.4 8.00 89.00 97.00 OK
r-oldrel-osx-x86_64 2.4 OK

Check Details

Version: 2.4
Check: whether package can be installed
Result: ERROR
    Installation failed.
Flavor: r-release-linux-x86_64