CRAN Package Check Results for Package MIPHENO

Last updated on 2019-03-21 14:47:32 CET.

Flavor Version Tinstall Tcheck Ttotal Status Flags
r-devel-linux-x86_64-debian-clang 1.2 8.28 62.54 70.82 NOTE
r-devel-linux-x86_64-debian-gcc 1.2 5.41 48.18 53.59 NOTE
r-devel-linux-x86_64-fedora-clang 1.2 82.51 NOTE
r-devel-linux-x86_64-fedora-gcc 1.2 77.58 NOTE
r-devel-windows-ix86+x86_64 1.2 20.00 96.00 116.00 NOTE
r-patched-linux-x86_64 1.2 5.50 57.05 62.55 NOTE
r-patched-solaris-x86 1.2 119.70 NOTE
r-release-linux-x86_64 1.2 4.31 56.75 61.06 NOTE
r-release-windows-ix86+x86_64 1.2 13.00 72.00 85.00 NOTE
r-release-osx-x86_64 1.2 NOTE
r-oldrel-windows-ix86+x86_64 1.2 15.00 92.00 107.00 NOTE
r-oldrel-osx-x86_64 1.2 NOTE

Check Details

Version: 1.2
Check: R code for possible problems
Result: NOTE
    cdf.pval: no visible global function definition for 'median'
    cdf.pval: no visible binding for global variable 'ecdf'
    find_hits: no visible global function definition for 'na.omit'
    mad.scores: no visible global function definition for 'as.formula'
    mad.scores: no visible binding for global variable 'median'
    mad.scores: no visible binding for global variable 'mad'
    rm.outliers: no visible global function definition for 'as.formula'
    rm.outliers: no visible binding for global variable 'median'
    rm.outliers: no visible binding for global variable 'mad'
    Undefined global functions or variables:
     as.formula ecdf mad median na.omit
    Consider adding
     importFrom("stats", "as.formula", "ecdf", "mad", "median", "na.omit")
    to your NAMESPACE file.
    
    Found the following calls to attach():
    File 'MIPHENO/R/cdf.pval.R':
     attach(sample.cdf)
    See section 'Good practice' in '?attach'.
Flavors: r-devel-linux-x86_64-debian-clang, r-devel-linux-x86_64-debian-gcc, r-patched-linux-x86_64, r-release-linux-x86_64

Version: 1.2
Check: R code for possible problems
Result: NOTE
    cdf.pval: no visible global function definition for ‘median’
    cdf.pval: no visible binding for global variable ‘ecdf’
    find_hits: no visible global function definition for ‘na.omit’
    mad.scores: no visible global function definition for ‘as.formula’
    mad.scores: no visible binding for global variable ‘median’
    mad.scores: no visible binding for global variable ‘mad’
    rm.outliers: no visible global function definition for ‘as.formula’
    rm.outliers: no visible binding for global variable ‘median’
    rm.outliers: no visible binding for global variable ‘mad’
    Undefined global functions or variables:
     as.formula ecdf mad median na.omit
    Consider adding
     importFrom("stats", "as.formula", "ecdf", "mad", "median", "na.omit")
    to your NAMESPACE file.
Flavors: r-devel-linux-x86_64-fedora-clang, r-devel-linux-x86_64-fedora-gcc, r-devel-windows-ix86+x86_64, r-patched-solaris-x86, r-release-windows-ix86+x86_64, r-release-osx-x86_64, r-oldrel-windows-ix86+x86_64, r-oldrel-osx-x86_64