CRAN Package Check Results for Package MInt

Last updated on 2020-09-28 03:47:47 CEST.

Flavor Version Tinstall Tcheck Ttotal Status Flags
r-devel-linux-x86_64-debian-clang 1.0.1 2.64 37.45 40.09 NOTE
r-devel-linux-x86_64-debian-gcc 1.0.1 2.27 28.25 30.52 NOTE
r-devel-linux-x86_64-fedora-clang 1.0.1 55.47 NOTE
r-devel-linux-x86_64-fedora-gcc 1.0.1 47.36 NOTE
r-devel-windows-ix86+x86_64 1.0.1 7.00 56.00 63.00 NOTE
r-patched-linux-x86_64 1.0.1 2.90 35.76 38.66 NOTE
r-patched-solaris-x86 1.0.1 71.40 NOTE
r-release-linux-x86_64 1.0.1 2.87 36.13 39.00 NOTE
r-release-macos-x86_64 1.0.1 NOTE
r-release-windows-ix86+x86_64 1.0.1 8.00 56.00 64.00 NOTE
r-oldrel-macos-x86_64 1.0.1 NOTE
r-oldrel-windows-ix86+x86_64 1.0.1 5.00 54.00 59.00 NOTE

Check Details

Version: 1.0.1
Check: R code for possible problems
Result: NOTE
    read_design: no visible global function definition for 'model.frame'
    read_design: no visible global function definition for 'read.table'
    read_design: no visible global function definition for 'model.matrix'
    read_response: no visible global function definition for 'read.table'
    update_beta: no visible global function definition for 'update'
    update_beta: no visible global function definition for 'glm'
    update_beta: no visible global function definition for 'poisson'
    Undefined global functions or variables:
     glm model.frame model.matrix poisson read.table update
    Consider adding
     importFrom("stats", "glm", "model.frame", "model.matrix", "poisson",
     "update")
     importFrom("utils", "read.table")
    to your NAMESPACE file.
Flavors: r-devel-linux-x86_64-debian-clang, r-devel-linux-x86_64-debian-gcc, r-devel-linux-x86_64-fedora-clang, r-devel-linux-x86_64-fedora-gcc, r-devel-windows-ix86+x86_64, r-patched-linux-x86_64, r-patched-solaris-x86, r-release-linux-x86_64, r-release-macos-x86_64, r-release-windows-ix86+x86_64, r-oldrel-macos-x86_64, r-oldrel-windows-ix86+x86_64