CRAN Package Check Results for Package MKomics

Last updated on 2020-11-27 00:48:55 CET.

Flavor Version Tinstall Tcheck Ttotal Status Flags
r-devel-linux-x86_64-debian-clang 0.5 5.81 52.22 58.03 OK
r-devel-linux-x86_64-debian-gcc 0.5 4.09 38.74 42.83 OK
r-devel-linux-x86_64-fedora-clang 0.5 72.68 NOTE
r-devel-linux-x86_64-fedora-gcc 0.5 62.49 OK
r-devel-windows-ix86+x86_64 0.5 9.00 65.00 74.00 OK
r-patched-linux-x86_64 0.5 5.57 48.50 54.07 OK
r-patched-solaris-x86 0.5 85.00 OK
r-release-linux-x86_64 0.5 5.61 48.53 54.14 OK
r-release-macos-x86_64 0.5 OK
r-release-windows-ix86+x86_64 0.5 9.00 55.00 64.00 OK
r-oldrel-macos-x86_64 0.5 OK
r-oldrel-windows-ix86+x86_64 0.5 12.00 58.00 70.00 OK

Check Details

Version: 0.5
Check: Rd cross-references
Result: NOTE
    Undeclared packages ‘genefilter’, ‘MKmisc’ in Rd xrefs
Flavor: r-devel-linux-x86_64-fedora-clang