CRAN Package Check Results for Package MLCM

Last updated on 2023-02-07 08:57:08 CET.

Flavor Version Tinstall Tcheck Ttotal Status Flags
r-devel-linux-x86_64-debian-clang 0.4.3 3.30 33.50 36.80 NOTE
r-devel-linux-x86_64-debian-gcc 0.4.3 2.22 25.28 27.50 NOTE
r-devel-linux-x86_64-fedora-clang 0.4.3 45.26 NOTE
r-devel-linux-x86_64-fedora-gcc 0.4.3 44.35 NOTE
r-devel-windows-x86_64 0.4.3 16.00 68.00 84.00 NOTE
r-patched-linux-x86_64 0.4.3 2.50 32.67 35.17 OK
r-release-linux-x86_64 0.4.3 2.60 30.86 33.46 OK
r-release-macos-arm64 0.4.3 19.00 OK
r-release-macos-x86_64 0.4.3 25.00 OK
r-release-windows-x86_64 0.4.3 7.00 55.00 62.00 OK
r-oldrel-macos-arm64 0.4.3 23.00 OK
r-oldrel-macos-x86_64 0.4.3 28.00 OK
r-oldrel-windows-ix86+x86_64 0.4.3 8.00 50.00 58.00 OK

Check Details

Version: 0.4.3
Check: Rd files
Result: NOTE
    checkRd: (-1) Texture.Rd:35: Escaped LaTeX specials: \&
    checkRd: (-1) binom.diagnostics.Rd:33: Escaped LaTeX specials: \&
Flavors: r-devel-linux-x86_64-debian-clang, r-devel-linux-x86_64-debian-gcc, r-devel-linux-x86_64-fedora-clang, r-devel-linux-x86_64-fedora-gcc, r-devel-windows-x86_64