CRAN Package Check Results for Package MLCM

Last updated on 2024-06-22 19:58:09 CEST.

Flavor Version Tinstall Tcheck Ttotal Status Flags
r-devel-linux-x86_64-debian-clang 0.4.3 3.22 32.45 35.67 NOTE
r-devel-linux-x86_64-debian-gcc 0.4.3 2.32 24.11 26.43 NOTE
r-devel-linux-x86_64-fedora-clang 0.4.3 43.22 NOTE
r-devel-linux-x86_64-fedora-gcc 0.4.3 42.14 NOTE
r-devel-windows-x86_64 0.4.3 3.00 48.00 51.00 NOTE
r-patched-linux-x86_64 0.4.3 3.64 31.18 34.82 NOTE
r-release-linux-x86_64 0.4.3 2.49 30.59 33.08 NOTE
r-release-macos-arm64 0.4.3 18.00 NOTE
r-release-macos-x86_64 0.4.3 25.00 NOTE
r-release-windows-x86_64 0.4.3 4.00 48.00 52.00 NOTE
r-oldrel-macos-arm64 0.4.3 19.00 NOTE
r-oldrel-macos-x86_64 0.4.3 27.00 NOTE
r-oldrel-windows-x86_64 0.4.3 5.00 50.00 55.00 NOTE

Check Details

Version: 0.4.3
Check: Rd files
Result: NOTE checkRd: (-1) Texture.Rd:35: Escaped LaTeX specials: \& checkRd: (-1) binom.diagnostics.Rd:33: Escaped LaTeX specials: \& Flavors: r-devel-linux-x86_64-debian-clang, r-devel-linux-x86_64-debian-gcc, r-devel-linux-x86_64-fedora-clang, r-devel-linux-x86_64-fedora-gcc, r-devel-windows-x86_64, r-patched-linux-x86_64, r-release-linux-x86_64, r-release-macos-arm64, r-release-macos-x86_64, r-release-windows-x86_64, r-oldrel-macos-arm64, r-oldrel-macos-x86_64, r-oldrel-windows-x86_64