CRAN Package Check Results for Package MLDAShiny2

Last updated on 2020-10-28 13:47:05 CET.

Flavor Version Tinstall Tcheck Ttotal Status Flags
r-devel-linux-x86_64-debian-clang 0.1.0 2.07 19.01 21.08 OK
r-devel-linux-x86_64-debian-gcc 0.1.0 1.76 14.66 16.42 OK
r-devel-linux-x86_64-fedora-clang 0.1.0 33.85 NOTE
r-devel-linux-x86_64-fedora-gcc 0.1.0 25.50 NOTE
r-devel-windows-ix86+x86_64 0.1.0 7.00 35.00 42.00 OK
r-patched-linux-x86_64 0.1.0 OK
r-patched-solaris-x86 0.1.0 39.90 NOTE
r-release-linux-x86_64 0.1.0 2.19 18.69 20.88 OK
r-release-macos-x86_64 0.1.0 NOTE
r-release-windows-ix86+x86_64 0.1.0 5.00 26.00 31.00 OK
r-oldrel-macos-x86_64 0.1.0 ERROR

Check Details

Version: 0.1.0
Check: dependencies in R code
Result: NOTE
    Namespaces in Imports field not imported from:
     ‘DiscriMiner’ ‘MASS’ ‘caret’ ‘datasets’ ‘dplyr’ ‘e1071’ ‘klaR’
     ‘rhandsontable’ ‘shiny’
     All declared Imports should be used.
Flavors: r-devel-linux-x86_64-fedora-clang, r-devel-linux-x86_64-fedora-gcc, r-patched-solaris-x86, r-release-macos-x86_64

Version: 0.1.0
Check: whether package can be installed
Result: ERROR
    Installation failed.
Flavor: r-oldrel-macos-x86_64