Last updated on 2023-03-23 17:52:20 CET.
Flavor | Version | Tinstall | Tcheck | Ttotal | Status | Flags |
---|---|---|---|---|---|---|
r-devel-linux-x86_64-debian-clang | 0.3.3 | 2.63 | 27.91 | 30.54 | OK | |
r-devel-linux-x86_64-debian-gcc | 0.3.3 | 2.00 | 22.32 | 24.32 | OK | |
r-devel-linux-x86_64-fedora-clang | 0.3.3 | 39.97 | OK | |||
r-devel-linux-x86_64-fedora-gcc | 0.3.3 | 51.78 | OK | |||
r-devel-windows-x86_64 | 0.3.3 | 16.00 | 60.00 | 76.00 | OK | |
r-patched-linux-x86_64 | 0.3.3 | 2.58 | 29.21 | 31.79 | OK | |
r-release-linux-x86_64 | 0.3.3 | 1.96 | 28.98 | 30.94 | OK | |
r-release-macos-arm64 | 0.3.3 | 18.00 | NOTE | |||
r-release-macos-x86_64 | 0.3.3 | 28.00 | OK | |||
r-release-windows-x86_64 | 0.3.3 | 16.00 | 64.00 | 80.00 | OK | |
r-oldrel-macos-arm64 | 0.3.3 | 21.00 | NOTE | |||
r-oldrel-macos-x86_64 | 0.3.3 | 35.00 | NOTE | |||
r-oldrel-windows-ix86+x86_64 | 0.3.3 | 6.00 | 58.00 | 64.00 | OK |
Version: 0.3.3
Check: package dependencies
Result: NOTE
Packages suggested but not available for checking:
'minfi', 'GEOquery', 'IlluminaHumanMethylation450kmanifest'
Flavors: r-release-macos-arm64, r-oldrel-macos-arm64
Version: 0.3.3
Check: package dependencies
Result: NOTE
Package suggested but not available for checking: ‘IlluminaHumanMethylation450kmanifest’
Flavor: r-oldrel-macos-x86_64