CRAN Package Check Results for Package MLML2R

Last updated on 2024-06-23 21:49:03 CEST.

Flavor Version Tinstall Tcheck Ttotal Status Flags
r-devel-linux-x86_64-debian-clang 0.3.3 2.41 32.54 34.95 OK
r-devel-linux-x86_64-debian-gcc 0.3.3 2.13 24.99 27.12 OK
r-devel-linux-x86_64-fedora-clang 0.3.3 49.43 OK
r-devel-linux-x86_64-fedora-gcc 0.3.3 60.99 OK
r-devel-windows-x86_64 0.3.3 4.00 48.00 52.00 OK
r-patched-linux-x86_64 0.3.3 2.23 30.29 32.52 OK
r-release-linux-x86_64 0.3.3 2.64 31.51 34.15 OK
r-release-macos-arm64 0.3.3 25.00 NOTE
r-release-macos-x86_64 0.3.3 39.00 NOTE
r-release-windows-x86_64 0.3.3 2.00 49.00 51.00 OK
r-oldrel-macos-arm64 0.3.3 26.00 NOTE
r-oldrel-macos-x86_64 0.3.3 35.00 NOTE
r-oldrel-windows-x86_64 0.3.3 3.00 50.00 53.00 OK

Check Details

Version: 0.3.3
Check: package dependencies
Result: NOTE Package suggested but not available for checking: ‘IlluminaHumanMethylation450kmanifest’ Flavors: r-release-macos-arm64, r-release-macos-x86_64

Version: 0.3.3
Check: package dependencies
Result: NOTE Packages suggested but not available for checking: 'minfi', 'GEOquery', 'IlluminaHumanMethylation450kmanifest' Flavor: r-oldrel-macos-arm64

Version: 0.3.3
Check: package dependencies
Result: NOTE Packages suggested but not available for checking: 'minfi', 'IlluminaHumanMethylation450kmanifest' Flavor: r-oldrel-macos-x86_64