CRAN Package Check Results for Package MLML2R

Last updated on 2024-04-21 02:55:52 CEST.

Flavor Version Tinstall Tcheck Ttotal Status Flags
r-devel-linux-x86_64-debian-clang 0.3.3 2.40 32.20 34.60 NOTE
r-devel-linux-x86_64-debian-gcc 0.3.3 2.06 24.61 26.67 NOTE
r-devel-linux-x86_64-fedora-clang 0.3.3 47.90 OK
r-devel-linux-x86_64-fedora-gcc 0.3.3 61.55 OK
r-prerel-macos-arm64 0.3.3 25.00 NOTE
r-prerel-windows-x86_64 0.3.3 3.00 49.00 52.00 OK
r-patched-linux-x86_64 0.3.3 2.53 30.19 32.72 OK
r-release-linux-x86_64 0.3.3 2.40 28.50 30.90 OK
r-release-macos-arm64 0.3.3 26.00 NOTE
r-release-macos-x86_64 0.3.3 35.00 NOTE
r-release-windows-x86_64 0.3.3 5.00 49.00 54.00 OK
r-oldrel-macos-arm64 0.3.3 23.00 OK
r-oldrel-windows-x86_64 0.3.3 4.00 52.00 56.00 OK

Check Details

Version: 0.3.3
Check: package dependencies
Result: NOTE Packages suggested but not available for checking: 'minfi', 'GEOquery', 'IlluminaHumanMethylation450kmanifest' Flavors: r-devel-linux-x86_64-debian-clang, r-devel-linux-x86_64-debian-gcc, r-release-macos-arm64

Version: 0.3.3
Check: package dependencies
Result: NOTE Package suggested but not available for checking: ‘IlluminaHumanMethylation450kmanifest’ Flavor: r-prerel-macos-arm64

Version: 0.3.3
Check: package dependencies
Result: NOTE Packages suggested but not available for checking: 'minfi', 'IlluminaHumanMethylation450kmanifest' Flavor: r-release-macos-x86_64