Last updated on 2022-07-02 05:51:01 CEST.
Flavor | Version | Tinstall | Tcheck | Ttotal | Status | Flags |
---|---|---|---|---|---|---|
r-devel-linux-x86_64-debian-clang | 0.2.0 | 3.66 | 33.93 | 37.59 | OK | |
r-devel-linux-x86_64-debian-gcc | 0.2.0 | 2.83 | 26.57 | 29.40 | OK | |
r-devel-linux-x86_64-fedora-clang | 0.2.0 | 57.62 | NOTE | |||
r-devel-linux-x86_64-fedora-gcc | 0.2.0 | 55.06 | NOTE | |||
r-devel-windows-x86_64 | 0.2.0 | 17.00 | 62.00 | 79.00 | OK | |
r-patched-linux-x86_64 | 0.2.0 | 2.64 | 32.66 | 35.30 | OK | |
r-release-linux-x86_64 | 0.2.0 | 2.86 | 32.72 | 35.58 | OK | |
r-release-macos-arm64 | 0.2.0 | 20.00 | NOTE | |||
r-release-macos-x86_64 | 0.2.0 | 29.00 | NOTE | |||
r-release-windows-x86_64 | 0.2.0 | 20.00 | 60.00 | 80.00 | OK | |
r-oldrel-macos-arm64 | 0.2.0 | 20.00 | NOTE | |||
r-oldrel-macos-x86_64 | 0.2.0 | 33.00 | NOTE | |||
r-oldrel-windows-ix86+x86_64 | 0.2.0 | 9.00 | 56.00 | 65.00 | OK |
Version: 0.2.0
Check: dependencies in R code
Result: NOTE
Namespaces in Imports field not imported from:
‘lme4’ ‘nlme’
All declared Imports should be used.
Flavors: r-devel-linux-x86_64-fedora-clang, r-devel-linux-x86_64-fedora-gcc, r-release-macos-arm64, r-release-macos-x86_64, r-oldrel-macos-arm64, r-oldrel-macos-x86_64