CRAN Package Check Results for Package MLmetrics

Last updated on 2019-08-17 18:46:16 CEST.

Flavor Version Tinstall Tcheck Ttotal Status Flags
r-devel-linux-x86_64-debian-clang 1.1.1 2.13 20.74 22.87 OK
r-devel-linux-x86_64-debian-gcc 1.1.1 1.79 16.80 18.59 OK
r-devel-linux-x86_64-fedora-clang 1.1.1 27.61 NOTE
r-devel-linux-x86_64-fedora-gcc 1.1.1 26.39 NOTE
r-devel-windows-ix86+x86_64 1.1.1 8.00 44.00 52.00 OK
r-patched-linux-x86_64 1.1.1 2.07 20.83 22.90 OK
r-patched-solaris-x86 1.1.1 44.40 NOTE
r-release-linux-x86_64 1.1.1 2.18 20.87 23.05 OK
r-release-windows-ix86+x86_64 1.1.1 6.00 48.00 54.00 OK
r-release-osx-x86_64 1.1.1 NOTE
r-oldrel-windows-ix86+x86_64 1.1.1 4.00 42.00 46.00 OK
r-oldrel-osx-x86_64 1.1.1 NOTE

Check Details

Version: 1.1.1
Check: dependencies in R code
Result: NOTE
    Namespace in Imports field not imported from: ‘utils’
     All declared Imports should be used.
Flavors: r-devel-linux-x86_64-fedora-clang, r-devel-linux-x86_64-fedora-gcc, r-patched-solaris-x86, r-release-osx-x86_64, r-oldrel-osx-x86_64