CRAN Package Check Results for Package MLmetrics

Last updated on 2019-04-25 09:50:28 CEST.

Flavor Version Tinstall Tcheck Ttotal Status Flags
r-devel-linux-x86_64-debian-clang 1.1.1 2.28 20.72 23.00 OK
r-devel-linux-x86_64-debian-gcc 1.1.1 1.72 16.81 18.53 OK
r-devel-linux-x86_64-fedora-clang 1.1.1 27.06 NOTE
r-devel-linux-x86_64-fedora-gcc 1.1.1 27.44 NOTE
r-devel-windows-ix86+x86_64 1.1.1 7.00 45.00 52.00 OK
r-patched-linux-x86_64 1.1.1 2.23 20.71 22.94 OK
r-patched-solaris-x86 1.1.1 42.10 NOTE
r-release-linux-x86_64 1.1.1 1.44 19.47 20.91 OK
r-release-windows-ix86+x86_64 1.1.1 3.00 48.00 51.00 OK
r-release-osx-x86_64 1.1.1 NOTE
r-oldrel-windows-ix86+x86_64 1.1.1 2.00 39.00 41.00 OK
r-oldrel-osx-x86_64 1.1.1 NOTE

Check Details

Version: 1.1.1
Check: dependencies in R code
Result: NOTE
    Namespace in Imports field not imported from: ‘utils’
     All declared Imports should be used.
Flavors: r-devel-linux-x86_64-fedora-clang, r-devel-linux-x86_64-fedora-gcc, r-patched-solaris-x86, r-release-osx-x86_64, r-oldrel-osx-x86_64