CRAN Package Check Results for Package MM2S

Last updated on 2021-10-27 02:52:41 CEST.

Flavor Version Tinstall Tcheck Ttotal Status Flags
r-devel-linux-x86_64-debian-clang 1.0.6 43.72 420.41 464.13 NOTE
r-devel-linux-x86_64-debian-gcc 1.0.6 37.76 345.13 382.89 NOTE
r-devel-linux-x86_64-fedora-clang 1.0.6 592.19 NOTE
r-devel-linux-x86_64-fedora-gcc 1.0.6 574.02 NOTE
r-devel-windows-x86_64 1.0.6 60.00 477.00 537.00 OK
r-devel-windows-x86_64-gcc10-UCRT 1.0.6 WARN
r-patched-linux-x86_64 1.0.6 37.75 414.70 452.45 NOTE
r-patched-solaris-x86 1.0.6 845.40 NOTE
r-release-linux-x86_64 1.0.6 37.13 413.92 451.05 NOTE
r-release-macos-arm64 1.0.6 OK
r-release-macos-x86_64 1.0.6 OK
r-release-windows-ix86+x86_64 1.0.6 62.00 479.00 541.00 OK
r-oldrel-macos-x86_64 1.0.6 OK
r-oldrel-windows-ix86+x86_64 1.0.6 74.00 386.00 460.00 OK

Check Details

Version: 1.0.6
Check: for non-standard things in the check directory
Result: NOTE
    Found the following files/directories:
     'MM2S_Predictions_Heatmap.pdf' 'MM2S_Predictions_StackedBarplot.pdf'
Flavors: r-devel-linux-x86_64-debian-clang, r-devel-linux-x86_64-debian-gcc, r-devel-linux-x86_64-fedora-clang, r-devel-linux-x86_64-fedora-gcc, r-patched-linux-x86_64, r-patched-solaris-x86, r-release-linux-x86_64

Version: 1.0.6
Check: re-building of vignette outputs
Result: WARN
    Error(s) in re-building vignettes:
    --- re-building 'MM2S.Rnw' using knitr
    Warning in doTryCatch(return(expr), name, parentenv, handler) :
     "labelcex" is not a graphical parameter
    Warning in doTryCatch(return(expr), name, parentenv, handler) :
     "labelcex" is not a graphical parameter
    Warning in doTryCatch(return(expr), name, parentenv, handler) :
     "labelcex" is not a graphical parameter
    Warning in doTryCatch(return(expr), name, parentenv, handler) :
     "labelcex" is not a graphical parameter
    Warning in system(paste(shQuote(texi2dvi), if (quiet) "--quiet" else "", :
     running command '"C:\PROGRA~1\MiKTeX\miktex\bin\x64\texify.exe" --quiet --pdf "MM2S.tex" --max-iterations=20 -I "C:/r_packages/rinst/share/texmf/tex/latex" -I "C:/r_packages/rinst/share/texmf/bibtex/bst"' had status 1
    Error: processing vignette 'MM2S.Rnw' failed with diagnostics:
    Failed to locate 'texi2pdf' output file 'MM2S.pdf' for vignette with name 'MM2S' and engine 'knitr::knitr'. The following files exist in working directory 'C:\r_packages\pkgcheck\CRAN\MM2S\MM2S.Rcheck\vign_test\MM2S\vignettes': 'LatticeMatrix.pdf' (125749 bytes), 'MM2S.R' (4356 bytes), 'MM2S.Rnw' (11601 bytes), 'MM2S.aux' (8 bytes), 'MM2S.log' (12120 bytes), 'MM2S.tex' (29143 bytes), 'MM2S.toc' (0 bytes), 'MM2S_FromRawData.Rnw' (8281 bytes), 'MM2S_OverallPredictions_PieDist.pdf' (5591 bytes), 'MM2S_Predictions_Heatmap.pdf' (4635 bytes), 'PC1-PC2.pdf' (25639 bytes), 'PC2-PC3.pdf' (25574 bytes)
    --- failed re-building 'MM2S.Rnw'
    
    --- re-building 'MM2S_FromRawData.Rnw' using knitr
    Warning in system(paste(shQuote(texi2dvi), if (quiet) "--quiet" else "", :
     running command '"C:\PROGRA~1\MiKTeX\miktex\bin\x64\texify.exe" --quiet --pdf "MM2S_FromRawData.tex" --max-iterations=20 -I "C:/r_packages/rinst/share/texmf/tex/latex" -I "C:/r_packages/rinst/share/texmf/bibtex/bst"' had status 1
    Error: processing vignette 'MM2S_FromRawData.Rnw' failed with diagnostics:
    running 'texi2dvi' on 'MM2S_FromRawData.tex' failed
    
    LaTeX errors:
    RawData.tex:144: pdfTeX error (font expansion): auto expansion is only possible
     with scalable fonts.
    <argument> ...shipout:D \box_use:N \l_shipout_box
     \__shipout_drop_firstpage_...
    l.144 \end{kframe}
    RawData.tex:144: ==> Fatal error occurred, no output PDF file produced!
    
    --- failed re-building 'MM2S_FromRawData.Rnw'
    
    SUMMARY: processing the following files failed:
     'MM2S.Rnw' 'MM2S_FromRawData.Rnw'
    
    Error: Vignette re-building failed.
    Execution halted
Flavor: r-devel-windows-x86_64-gcc10-UCRT