CRAN Package Check Results for Package MM2S

Last updated on 2020-04-03 22:50:34 CEST.

Flavor Version Tinstall Tcheck Ttotal Status Flags
r-devel-linux-x86_64-debian-clang 1.0.6 30.89 292.13 323.02 NOTE
r-devel-linux-x86_64-debian-gcc 1.0.6 29.74 231.12 260.86 NOTE
r-devel-linux-x86_64-fedora-clang 1.0.6 416.20 NOTE
r-devel-linux-x86_64-fedora-gcc 1.0.6 399.98 NOTE
r-devel-windows-ix86+x86_64 1.0.6 5.00 6.00 11.00 ERROR
r-devel-windows-ix86+x86_64-gcc8 1.0.6 6.00 6.00 12.00 ERROR
r-patched-linux-x86_64 1.0.6 31.88 291.44 323.32 NOTE
r-patched-solaris-x86 1.0.6 591.40 NOTE
r-release-linux-x86_64 1.0.6 19.00 286.40 305.40 OK
r-release-windows-ix86+x86_64 1.0.6 41.00 413.00 454.00 OK
r-release-osx-x86_64 1.0.6 OK
r-oldrel-windows-ix86+x86_64 1.0.6 34.00 257.00 291.00 OK
r-oldrel-osx-x86_64 1.0.6 OK

Check Details

Version: 1.0.6
Check: for non-standard things in the check directory
Result: NOTE
    Found the following files/directories:
     'MM2S_Predictions_Heatmap.pdf' 'MM2S_Predictions_StackedBarplot.pdf'
Flavors: r-devel-linux-x86_64-debian-clang, r-devel-linux-x86_64-debian-gcc, r-devel-linux-x86_64-fedora-clang, r-devel-linux-x86_64-fedora-gcc, r-patched-linux-x86_64, r-patched-solaris-x86

Version: 1.0.6
Check: whether package can be installed
Result: ERROR
    Installation failed.
Flavors: r-devel-windows-ix86+x86_64, r-devel-windows-ix86+x86_64-gcc8