CRAN Package Check Results for Package MM2Sdata

Last updated on 2021-09-16 11:53:28 CEST.

Flavor Version Tinstall Tcheck Ttotal Status Flags
r-devel-linux-x86_64-debian-clang 1.0.3 2.88 32.13 35.01 OK
r-devel-linux-x86_64-debian-gcc 1.0.3 2.44 25.46 27.90 OK
r-devel-linux-x86_64-fedora-clang 1.0.3 51.11 OK
r-devel-linux-x86_64-fedora-gcc 1.0.3 41.26 OK
r-devel-windows-x86_64 1.0.3 5.00 48.00 53.00 OK
r-devel-windows-x86_64-gcc10-UCRT 1.0.3 WARN
r-patched-linux-x86_64 1.0.3 2.76 31.98 34.74 OK
r-patched-solaris-x86 1.0.3 63.30 OK
r-release-linux-x86_64 1.0.3 2.97 31.04 34.01 OK
r-release-macos-arm64 1.0.3 OK
r-release-macos-x86_64 1.0.3 OK
r-release-windows-ix86+x86_64 1.0.3 9.00 52.00 61.00 OK
r-oldrel-macos-x86_64 1.0.3 OK
r-oldrel-windows-ix86+x86_64 1.0.3 8.00 51.00 59.00 OK

Check Details

Version: 1.0.3
Check: re-building of vignette outputs
Result: WARN
    Error(s) in re-building vignettes:
    --- re-building 'MM2Sdata.Rnw' using knitr
    texify: C:\jenkins\workspace\miktex\windows\build\source\Libraries\MiKTeX\Core\Utils\Utils.cpp:490: internal error
    
    Warning in system(paste(shQuote(texi2dvi), "--version"), intern = TRUE) :
     running command '"C:\PROGRA~1\MiKTeX\miktex\bin\x64\texify.exe" --version' had status 5
    Warning in system(paste(shQuote(texi2dvi), if (quiet) "--quiet" else "", :
     running command '"C:\PROGRA~1\MiKTeX\miktex\bin\x64\texify.exe" --quiet --pdf "MM2Sdata.tex" ' had status 1
    Error: processing vignette 'MM2Sdata.Rnw' failed with diagnostics:
    running 'texi2dvi' on 'MM2Sdata.tex' failed
    
    LaTeX errors:
    .Rcheck/vign_test/MM2Sdata/vignettes/MM2Sdata.tex:153: pdfTeX error (font expan
    sion): auto expansion is only possible with scalable fonts.
    <argument> ...shipout:D \box_use:N \l_shipout_box
     \__shipout_drop_firstpage_...
    l.153 ... 'citation("{}pkgname"{})'.}}\end{kframe}
    .Rcheck/vign_test/MM2Sdata/vignettes/MM2Sdata.tex:153: ==> Fatal error occurre
    d, no output PDF file produced!
    
    --- failed re-building 'MM2Sdata.Rnw'
    
    SUMMARY: processing the following file failed:
     'MM2Sdata.Rnw'
    
    Error: Vignette re-building failed.
    Execution halted
Flavor: r-devel-windows-x86_64-gcc10-UCRT