CRAN Package Check Results for Package MM4LMM

Last updated on 2021-06-15 11:50:14 CEST.

Flavor Version Tinstall Tcheck Ttotal Status Flags
r-devel-linux-x86_64-debian-clang 2.0.2 78.42 76.13 154.55 OK
r-devel-linux-x86_64-debian-gcc 2.0.2 58.12 60.19 118.31 OK
r-devel-linux-x86_64-fedora-clang 2.0.2 207.64 NOTE
r-devel-linux-x86_64-fedora-gcc 2.0.2 193.29 OK
r-devel-windows-x86_64 2.0.2 76.00 108.00 184.00 OK
r-devel-windows-x86_64-gcc10-UCRT 2.0.2 OK
r-patched-linux-x86_64 2.0.2 65.86 77.77 143.63 OK
r-patched-solaris-x86 2.0.2 211.50 OK
r-release-linux-x86_64 2.0.2 63.93 75.25 139.18 OK
r-release-macos-arm64 2.0.2 NOTE
r-release-macos-x86_64 2.0.2 NOTE
r-release-windows-ix86+x86_64 2.0.2 148.00 106.00 254.00 OK
r-oldrel-macos-x86_64 2.0.2 NOTE
r-oldrel-windows-ix86+x86_64 2.0.2 101.00 148.00 249.00 OK

Check Details

Version: 2.0.2
Check: installed package size
Result: NOTE
     installed size is 19.5Mb
     sub-directories of 1Mb or more:
     libs 18.8Mb
Flavors: r-devel-linux-x86_64-fedora-clang, r-release-macos-arm64, r-release-macos-x86_64, r-oldrel-macos-x86_64