CRAN Package Check Results for Package MMD

Last updated on 2021-10-26 00:59:58 CEST.

Flavor Version Tinstall Tcheck Ttotal Status Flags
r-devel-linux-x86_64-debian-clang 1.0.0 3.66 64.75 68.41 NOTE
r-devel-linux-x86_64-debian-gcc 1.0.0 2.67 47.84 50.51 NOTE
r-devel-linux-x86_64-fedora-clang 1.0.0 93.49 NOTE
r-devel-linux-x86_64-fedora-gcc 1.0.0 79.83 NOTE
r-devel-windows-x86_64 1.0.0 6.00 93.00 99.00 NOTE
r-devel-windows-x86_64-gcc10-UCRT 1.0.0 NOTE
r-patched-linux-x86_64 1.0.0 3.45 62.00 65.45 NOTE
r-patched-solaris-x86 1.0.0 69.80 NOTE
r-release-linux-x86_64 1.0.0 3.58 61.26 64.84 NOTE
r-release-macos-arm64 1.0.0 NOTE
r-release-macos-x86_64 1.0.0 NOTE
r-release-windows-ix86+x86_64 1.0.0 6.00 85.00 91.00 NOTE
r-oldrel-macos-x86_64 1.0.0 OK
r-oldrel-windows-ix86+x86_64 1.0.0 10.00 87.00 97.00 OK

Check Details

Version: 1.0.0
Check: LazyData
Result: NOTE
     'LazyData' is specified without a 'data' directory
Flavors: r-devel-linux-x86_64-debian-clang, r-devel-linux-x86_64-debian-gcc, r-devel-linux-x86_64-fedora-clang, r-devel-linux-x86_64-fedora-gcc, r-devel-windows-x86_64, r-devel-windows-x86_64-gcc10-UCRT, r-patched-linux-x86_64, r-patched-solaris-x86, r-release-linux-x86_64, r-release-macos-arm64, r-release-macos-x86_64, r-release-windows-ix86+x86_64