CRAN Package Check Results for Package MMD

Last updated on 2021-06-15 11:50:14 CEST.

Flavor Version Tinstall Tcheck Ttotal Status Flags
r-devel-linux-x86_64-debian-clang 1.0.0 3.46 65.00 68.46 NOTE
r-devel-linux-x86_64-debian-gcc 1.0.0 2.78 48.63 51.41 NOTE
r-devel-linux-x86_64-fedora-clang 1.0.0 86.95 NOTE
r-devel-linux-x86_64-fedora-gcc 1.0.0 78.71 NOTE
r-devel-windows-x86_64 1.0.0 6.00 86.00 92.00 NOTE
r-devel-windows-x86_64-gcc10-UCRT 1.0.0 NOTE
r-patched-linux-x86_64 1.0.0 3.59 63.17 66.76 NOTE
r-patched-solaris-x86 1.0.0 107.00 NOTE
r-release-linux-x86_64 1.0.0 2.90 61.82 64.72 NOTE
r-release-macos-arm64 1.0.0 NOTE
r-release-macos-x86_64 1.0.0 NOTE
r-release-windows-ix86+x86_64 1.0.0 8.00 87.00 95.00 NOTE
r-oldrel-macos-x86_64 1.0.0 OK
r-oldrel-windows-ix86+x86_64 1.0.0 7.00 93.00 100.00 OK

Check Details

Version: 1.0.0
Check: LazyData
Result: NOTE
     'LazyData' is specified without a 'data' directory
Flavors: r-devel-linux-x86_64-debian-clang, r-devel-linux-x86_64-debian-gcc, r-devel-linux-x86_64-fedora-clang, r-devel-linux-x86_64-fedora-gcc, r-devel-windows-x86_64, r-devel-windows-x86_64-gcc10-UCRT, r-patched-linux-x86_64, r-patched-solaris-x86, r-release-linux-x86_64, r-release-macos-arm64, r-release-macos-x86_64, r-release-windows-ix86+x86_64