CRAN Package Check Results for Package MMDvariance

Last updated on 2021-12-07 01:54:19 CET.

Flavor Version Tinstall Tcheck Ttotal Status Flags
r-devel-linux-x86_64-debian-clang 0.0.9 6.59 63.52 70.11 OK
r-devel-linux-x86_64-debian-gcc 0.0.9 5.76 49.03 54.79 OK
r-devel-linux-x86_64-fedora-clang 0.0.9 86.18 OK
r-devel-linux-x86_64-fedora-gcc 0.0.9 74.38 OK
r-devel-windows-x86_64-new-UL 0.0.9 15.00 87.00 102.00 OK
r-devel-windows-x86_64-new-TK 0.0.9 OK
r-devel-windows-x86_64-old 0.0.9 11.00 80.00 91.00 OK
r-patched-linux-x86_64 0.0.9 6.97 52.66 59.63 OK
r-release-linux-x86_64 0.0.9 6.42 62.79 69.21 OK
r-release-macos-arm64 0.0.9 OK
r-release-macos-x86_64 0.0.9 ERROR
r-release-windows-ix86+x86_64 0.0.9 9.00 74.00 83.00 OK
r-oldrel-macos-x86_64 0.0.9 ERROR
r-oldrel-windows-ix86+x86_64 0.0.9 15.00 76.00 91.00 OK

Check Details

Version: 0.0.9
Check: package dependencies
Result: NOTE
    Package suggested but not available for checking: ‘ALL’
Flavors: r-release-macos-x86_64, r-oldrel-macos-x86_64

Version: 0.0.9
Check: examples
Result: ERROR
    Running examples in ‘MMDvariance-Ex.R’ failed
    The error most likely occurred in:
    
    > ### Name: gsMMD.v
    > ### Title: Gene selection based on variances by using a mixture of marginal
    > ### distributions
    > ### Aliases: gsMMD.v
    > ### Keywords: classif
    >
    > ### ** Examples
    >
    > t1 = proc.time()
    > library(ALL)
    Error in library(ALL) : there is no package called ‘ALL’
    Execution halted
Flavors: r-release-macos-x86_64, r-oldrel-macos-x86_64