CRAN Package Check Results for Package MMRcaseselection

Last updated on 2022-05-23 16:54:02 CEST.

Flavor Version Tinstall Tcheck Ttotal Status Flags
r-devel-linux-x86_64-debian-clang 0.1.0 6.24 72.73 78.97 NOTE
r-devel-linux-x86_64-debian-gcc 0.1.0 4.23 54.92 59.15 NOTE
r-devel-linux-x86_64-fedora-clang 0.1.0 93.17 NOTE
r-devel-linux-x86_64-fedora-gcc 0.1.0 87.36 NOTE
r-devel-windows-x86_64 0.1.0 41.00 95.00 136.00 NOTE
r-patched-linux-x86_64 0.1.0 9.81 68.67 78.48 NOTE
r-release-linux-x86_64 0.1.0 NOTE
r-release-macos-arm64 0.1.0 29.00 NOTE
r-release-macos-x86_64 0.1.0 55.00 NOTE
r-release-windows-x86_64 0.1.0 27.00 97.00 124.00 NOTE
r-oldrel-macos-arm64 0.1.0 35.00 NOTE
r-oldrel-macos-x86_64 0.1.0 56.00 NOTE
r-oldrel-windows-ix86+x86_64 0.1.0 14.00 89.00 103.00 NOTE

Check Details

Version: 0.1.0
Check: LazyData
Result: NOTE
     'LazyData' is specified without a 'data' directory
Flavors: r-devel-linux-x86_64-debian-clang, r-devel-linux-x86_64-debian-gcc, r-devel-linux-x86_64-fedora-clang, r-devel-linux-x86_64-fedora-gcc, r-devel-windows-x86_64, r-patched-linux-x86_64, r-release-linux-x86_64, r-release-macos-arm64, r-release-macos-x86_64, r-release-windows-x86_64, r-oldrel-macos-arm64, r-oldrel-macos-x86_64, r-oldrel-windows-ix86+x86_64