CRAN Package Check Results for Package MNM

Last updated on 2021-05-17 01:47:02 CEST.

Flavor Version Tinstall Tcheck Ttotal Status Flags
r-devel-linux-x86_64-debian-clang 1.0-3 8.78 105.87 114.65 NOTE
r-devel-linux-x86_64-debian-gcc 1.0-3 10.50 78.47 88.97 NOTE
r-devel-linux-x86_64-fedora-clang 1.0-3 147.31 NOTE
r-devel-linux-x86_64-fedora-gcc 1.0-3 134.57 NOTE
r-devel-windows-ix86+x86_64 1.0-3 25.00 98.00 123.00 OK
r-devel-windows-x86_64-gcc10-UCRT 1.0-3 NOTE
r-patched-linux-x86_64 1.0-3 11.82 102.35 114.17 NOTE
r-patched-solaris-x86 1.0-3 182.40 NOTE
r-release-linux-x86_64 1.0-3 11.04 98.40 109.44 NOTE
r-release-macos-x86_64 1.0-3 OK
r-release-windows-ix86+x86_64 1.0-3 19.00 99.00 118.00 OK
r-oldrel-macos-x86_64 1.0-3 OK
r-oldrel-windows-ix86+x86_64 1.0-3 14.00 116.00 130.00 OK

Check Details

Version: 1.0-3
Check: package dependencies
Result: NOTE
    Package suggested but not available for checking: 'Flury'
Flavors: r-devel-linux-x86_64-debian-clang, r-devel-linux-x86_64-debian-gcc, r-devel-linux-x86_64-fedora-clang, r-devel-linux-x86_64-fedora-gcc, r-devel-windows-x86_64-gcc10-UCRT, r-patched-linux-x86_64, r-patched-solaris-x86, r-release-linux-x86_64